Last updated on 2024-07-01 03:49:11 CEST.
Flavor | Version | Tinstall | Tcheck | Ttotal | Status | Flags |
---|---|---|---|---|---|---|
r-devel-linux-x86_64-debian-clang | 0.8.9 | 32.40 | 299.62 | 332.02 | OK | |
r-devel-linux-x86_64-debian-gcc | 0.8.9 | 21.99 | 226.09 | 248.08 | OK | |
r-devel-linux-x86_64-fedora-clang | 0.8.9 | 440.47 | OK | |||
r-devel-linux-x86_64-fedora-gcc | 0.8.9 | 396.91 | OK | |||
r-devel-windows-x86_64 | 0.8.9 | 24.00 | 240.00 | 264.00 | OK | |
r-patched-linux-x86_64 | 0.8.9 | 31.15 | 291.66 | 322.81 | OK | |
r-release-linux-x86_64 | 0.8.9 | 23.75 | 289.52 | 313.27 | OK | |
r-release-macos-arm64 | 0.8.9 | 98.00 | NOTE | |||
r-release-macos-x86_64 | 0.8.9 | 171.00 | NOTE | |||
r-release-windows-x86_64 | 0.8.9 | 26.00 | 242.00 | 268.00 | OK | |
r-oldrel-macos-arm64 | 0.8.9 | 195.00 | NOTE | |||
r-oldrel-macos-x86_64 | 0.8.9 | 266.00 | NOTE | |||
r-oldrel-windows-x86_64 | 0.8.9 | 33.00 | 304.00 | 337.00 | OK |
Version: 0.8.9
Check: installed package size
Result: NOTE
installed size is 5.2Mb
sub-directories of 1Mb or more:
R 2.1Mb
extdata 1.9Mb
Flavors: r-release-macos-arm64, r-release-macos-x86_64, r-oldrel-macos-arm64, r-oldrel-macos-x86_64