Last updated on 2024-07-01 03:49:11 CEST.
Flavor | Version | Tinstall | Tcheck | Ttotal | Status | Flags |
---|---|---|---|---|---|---|
r-devel-linux-x86_64-debian-clang | 1.6.0.1 | 4.08 | 56.33 | 60.41 | NOTE | |
r-devel-linux-x86_64-debian-gcc | 1.6.0.1 | 3.41 | 41.11 | 44.52 | NOTE | |
r-devel-linux-x86_64-fedora-clang | 1.6.0.1 | 72.71 | NOTE | |||
r-devel-linux-x86_64-fedora-gcc | 1.6.0.1 | 70.25 | NOTE | |||
r-devel-windows-x86_64 | 1.6.0.1 | 6.00 | 70.00 | 76.00 | NOTE | |
r-patched-linux-x86_64 | 1.6.0.1 | 4.81 | 51.19 | 56.00 | NOTE | |
r-release-linux-x86_64 | 1.6.0.1 | 4.43 | 52.35 | 56.78 | NOTE | |
r-release-macos-arm64 | 1.6.0.1 | 25.00 | NOTE | |||
r-release-macos-x86_64 | 1.6.0.1 | 38.00 | NOTE | |||
r-release-windows-x86_64 | 1.6.0.1 | 7.00 | 69.00 | 76.00 | NOTE | |
r-oldrel-macos-arm64 | 1.6.0.1 | 30.00 | NOTE | |||
r-oldrel-macos-x86_64 | 1.6.0.1 | 40.00 | NOTE | |||
r-oldrel-windows-x86_64 | 1.6.0.1 | 7.00 | 72.00 | 79.00 | NOTE |
Version: 1.6.0.1
Check: Rd files
Result: NOTE
checkRd: (-1) carcinoma.Rd:8: Escaped LaTeX specials: \&
checkRd: (-1) poLCA.Rd:63: Escaped LaTeX specials: \&
checkRd: (-1) poLCA.Rd:69: Escaped LaTeX specials: \&
Flavors: r-devel-linux-x86_64-debian-clang, r-devel-linux-x86_64-debian-gcc, r-devel-linux-x86_64-fedora-clang, r-devel-linux-x86_64-fedora-gcc, r-devel-windows-x86_64, r-patched-linux-x86_64, r-release-linux-x86_64, r-release-macos-arm64, r-release-macos-x86_64, r-release-windows-x86_64, r-oldrel-macos-arm64, r-oldrel-macos-x86_64, r-oldrel-windows-x86_64
Version: 1.6.0.1
Check: Rd cross-references
Result: NOTE
Undeclared package ‘flexmix’ in Rd xrefs
Flavor: r-devel-linux-x86_64-fedora-clang