Last updated on 2024-07-01 03:49:11 CEST.
Flavor | Version | Tinstall | Tcheck | Ttotal | Status | Flags |
---|---|---|---|---|---|---|
r-devel-linux-x86_64-debian-clang | 1.1.1 | 8.48 | 184.87 | 193.35 | NOTE | |
r-devel-linux-x86_64-debian-gcc | 1.1.1 | 6.11 | 136.88 | 142.99 | NOTE | |
r-devel-linux-x86_64-fedora-clang | 1.1.1 | 236.72 | NOTE | |||
r-devel-linux-x86_64-fedora-gcc | 1.1.1 | 241.24 | NOTE | |||
r-devel-windows-x86_64 | 1.1.1 | 9.00 | 146.00 | 155.00 | NOTE | |
r-patched-linux-x86_64 | 1.1.1 | 5.13 | 178.66 | 183.79 | NOTE | |
r-release-linux-x86_64 | 1.1.1 | 5.77 | 175.87 | 181.64 | NOTE | |
r-release-macos-arm64 | 1.1.1 | 74.00 | NOTE | |||
r-release-macos-x86_64 | 1.1.1 | 132.00 | NOTE | |||
r-release-windows-x86_64 | 1.1.1 | 9.00 | 149.00 | 158.00 | NOTE | |
r-oldrel-macos-arm64 | 1.1.1 | 81.00 | NOTE | |||
r-oldrel-macos-x86_64 | 1.1.1 | 128.00 | NOTE | |||
r-oldrel-windows-x86_64 | 1.1.1 | 12.00 | 182.00 | 194.00 | NOTE |
Version: 1.1.1
Check: Rd files
Result: NOTE
checkRd: (-1) plotluck.Rd:129: Lost braces
129 | in factors are are shown as a special factor level code{"?"}. They can be
| ^
Flavors: r-devel-linux-x86_64-debian-clang, r-devel-linux-x86_64-debian-gcc, r-devel-linux-x86_64-fedora-clang, r-devel-linux-x86_64-fedora-gcc, r-devel-windows-x86_64, r-patched-linux-x86_64, r-release-linux-x86_64, r-release-macos-arm64, r-release-macos-x86_64, r-release-windows-x86_64
Version: 1.1.1
Check: LazyData
Result: NOTE
'LazyData' is specified without a 'data' directory
Flavors: r-devel-linux-x86_64-debian-clang, r-devel-linux-x86_64-debian-gcc, r-devel-linux-x86_64-fedora-clang, r-devel-linux-x86_64-fedora-gcc, r-devel-windows-x86_64, r-patched-linux-x86_64, r-release-linux-x86_64, r-release-macos-arm64, r-release-macos-x86_64, r-release-windows-x86_64, r-oldrel-macos-arm64, r-oldrel-macos-x86_64, r-oldrel-windows-x86_64
Version: 1.1.1
Check: dependencies in R code
Result: NOTE
Namespaces in Imports field not imported from:
‘hexbin’ ‘quantreg’
All declared Imports should be used.
Flavors: r-devel-linux-x86_64-fedora-clang, r-devel-linux-x86_64-fedora-gcc