Last updated on 2024-07-01 03:49:11 CEST.
Flavor | Version | Tinstall | Tcheck | Ttotal | Status | Flags |
---|---|---|---|---|---|---|
r-devel-linux-x86_64-debian-clang | 0.2.3 | 12.93 | 182.40 | 195.33 | NOTE | |
r-devel-linux-x86_64-debian-gcc | 0.2.3 | 10.33 | 139.11 | 149.44 | NOTE | |
r-devel-linux-x86_64-fedora-clang | 0.2.3 | 245.38 | NOTE | |||
r-devel-linux-x86_64-fedora-gcc | 0.2.3 | 248.93 | NOTE | |||
r-devel-windows-x86_64 | 0.2.3 | 14.00 | 130.00 | 144.00 | NOTE | |
r-patched-linux-x86_64 | 0.2.3 | 10.57 | 178.03 | 188.60 | NOTE | |
r-release-linux-x86_64 | 0.2.3 | 8.78 | 178.52 | 187.30 | NOTE | |
r-release-macos-arm64 | 0.2.3 | 67.00 | NOTE | |||
r-release-macos-x86_64 | 0.2.3 | 101.00 | NOTE | |||
r-release-windows-x86_64 | 0.2.3 | 13.00 | 132.00 | 145.00 | NOTE | |
r-oldrel-macos-arm64 | 0.2.3 | 71.00 | NOTE | |||
r-oldrel-macos-x86_64 | 0.2.3 | 115.00 | NOTE | |||
r-oldrel-windows-x86_64 | 0.2.3 | 15.00 | 161.00 | 176.00 | NOTE |
Version: 0.2.3
Check: package subdirectories
Result: NOTE
Problems with news in ‘NEWS.md’:
No news entries found.
Flavors: r-devel-linux-x86_64-debian-clang, r-devel-linux-x86_64-debian-gcc, r-devel-linux-x86_64-fedora-clang, r-devel-linux-x86_64-fedora-gcc, r-devel-windows-x86_64, r-patched-linux-x86_64, r-release-linux-x86_64, r-release-macos-arm64, r-release-macos-x86_64, r-release-windows-x86_64, r-oldrel-macos-arm64, r-oldrel-macos-x86_64, r-oldrel-windows-x86_64