Last updated on 2024-07-01 03:49:11 CEST.
Flavor | Version | Tinstall | Tcheck | Ttotal | Status | Flags |
---|---|---|---|---|---|---|
r-devel-linux-x86_64-debian-clang | 2.0.9 | 10.15 | 207.09 | 217.24 | OK | |
r-devel-linux-x86_64-debian-gcc | 2.0.9 | 9.95 | 152.53 | 162.48 | OK | |
r-devel-linux-x86_64-fedora-clang | 2.0.9 | 270.90 | NOTE | |||
r-devel-linux-x86_64-fedora-gcc | 2.0.9 | 280.66 | OK | |||
r-devel-windows-x86_64 | 2.0.9 | 13.00 | 146.00 | 159.00 | OK | |
r-patched-linux-x86_64 | 2.0.9 | 10.53 | 199.16 | 209.69 | OK | |
r-release-linux-x86_64 | 2.0.9 | 10.57 | 194.83 | 205.40 | OK | |
r-release-macos-arm64 | 2.0.9 | 96.00 | OK | |||
r-release-macos-x86_64 | 2.0.9 | 120.00 | OK | |||
r-release-windows-x86_64 | 2.0.9 | 12.00 | 145.00 | 157.00 | OK | |
r-oldrel-macos-arm64 | 2.0.9 | 103.00 | OK | |||
r-oldrel-macos-x86_64 | 2.0.9 | 143.00 | OK | |||
r-oldrel-windows-x86_64 | 2.0.9 | 15.00 | 166.00 | 181.00 | OK |
Version: 2.0.9
Check: Rd cross-references
Result: NOTE
Undeclared package ‘usethis’ in Rd xrefs
Flavor: r-devel-linux-x86_64-fedora-clang