Last updated on 2024-07-01 03:49:11 CEST.
Flavor | Version | Tinstall | Tcheck | Ttotal | Status | Flags |
---|---|---|---|---|---|---|
r-devel-linux-x86_64-debian-clang | 2.2.2 | 19.52 | 75.54 | 95.06 | NOTE | |
r-devel-linux-x86_64-debian-gcc | 2.2.2 | 14.80 | 54.35 | 69.15 | NOTE | |
r-devel-linux-x86_64-fedora-clang | 2.2.2 | 128.40 | NOTE | |||
r-devel-linux-x86_64-fedora-gcc | 2.2.2 | 115.61 | NOTE | |||
r-devel-windows-x86_64 | 2.2.2 | 26.00 | 74.00 | 100.00 | NOTE | |
r-patched-linux-x86_64 | 2.2.2 | 16.65 | 71.34 | 87.99 | OK | |
r-release-linux-x86_64 | 2.2.2 | 19.87 | 70.18 | 90.05 | OK | |
r-release-macos-arm64 | 2.2.2 | 35.00 | OK | |||
r-release-macos-x86_64 | 2.2.2 | 52.00 | OK | |||
r-release-windows-x86_64 | 2.2.2 | 25.00 | 73.00 | 98.00 | OK | |
r-oldrel-macos-arm64 | 2.2.2 | 44.00 | OK | |||
r-oldrel-macos-x86_64 | 2.2.2 | 78.00 | OK | |||
r-oldrel-windows-x86_64 | 2.2.2 | 33.00 | 84.00 | 117.00 | OK |
Version: 2.2.2
Check: compiled code
Result: NOTE
File ‘pkgcache/libs/pkgcache.so’:
Found non-API call to R: ‘STRING_PTR’
Compiled code should not call non-API entry points in R.
See ‘Writing portable packages’ in the ‘Writing R Extensions’ manual.
See section ‘Moving into C API compliance’ in the ‘Writing R
Extensions’ manual for issues with use of non-API entry points.
Flavors: r-devel-linux-x86_64-debian-clang, r-devel-linux-x86_64-debian-gcc, r-devel-linux-x86_64-fedora-gcc
Version: 2.2.2
Check: compiled code
Result: NOTE
File ‘pkgcache/libs/pkgcache.so’:
Found non-API call to R: ‘STRING_PTR’
Compiled code should not call non-API entry points in R.
See ‘Writing portable packages’ in the ‘Writing R Extensions’ manual,
and section ‘Moving into C API compliance’ for issues with the use of
non-API entry points.
Flavor: r-devel-linux-x86_64-fedora-clang
Version: 2.2.2
Check: compiled code
Result: NOTE
File 'pkgcache/libs/x64/pkgcache.dll':
Found non-API call to R: 'STRING_PTR'
Compiled code should not call non-API entry points in R.
See 'Writing portable packages' in the 'Writing R Extensions' manual.
See section 'Moving into C API compliance' in the 'Writing R
Extensions' manual for issues with use of non-API entry points.
Flavor: r-devel-windows-x86_64