Last updated on 2024-07-01 03:49:11 CEST.
Flavor | Version | Tinstall | Tcheck | Ttotal | Status | Flags |
---|---|---|---|---|---|---|
r-devel-linux-x86_64-debian-clang | 0.1.4 | 5.43 | 41.86 | 47.29 | NOTE | |
r-devel-linux-x86_64-debian-gcc | 0.1.4 | 3.99 | 31.22 | 35.21 | NOTE | |
r-devel-linux-x86_64-fedora-clang | 0.1.4 | 59.36 | NOTE | |||
r-devel-linux-x86_64-fedora-gcc | 0.1.4 | 55.90 | NOTE | |||
r-devel-windows-x86_64 | 0.1.4 | 6.00 | 51.00 | 57.00 | OK | |
r-patched-linux-x86_64 | 0.1.4 | 4.02 | 39.74 | 43.76 | NOTE | |
r-release-linux-x86_64 | 0.1.4 | 5.00 | 38.59 | 43.59 | NOTE | |
r-release-macos-arm64 | 0.1.4 | 22.00 | NOTE | |||
r-release-macos-x86_64 | 0.1.4 | 31.00 | NOTE | |||
r-release-windows-x86_64 | 0.1.4 | 6.00 | 52.00 | 58.00 | OK | |
r-oldrel-macos-arm64 | 0.1.4 | 23.00 | OK | |||
r-oldrel-macos-x86_64 | 0.1.4 | 31.00 | OK | |||
r-oldrel-windows-x86_64 | 0.1.4 | 7.00 | 55.00 | 62.00 | NOTE |
Version: 0.1.4
Check: package dependencies
Result: NOTE
Package suggested but not available for checking: ‘pinnacle.API’
Flavors: r-devel-linux-x86_64-debian-clang, r-devel-linux-x86_64-debian-gcc, r-devel-linux-x86_64-fedora-clang, r-devel-linux-x86_64-fedora-gcc, r-patched-linux-x86_64, r-release-linux-x86_64, r-release-macos-arm64, r-release-macos-x86_64, r-oldrel-windows-x86_64