Last updated on 2024-07-01 03:49:11 CEST.
Flavor | Version | Tinstall | Tcheck | Ttotal | Status | Flags |
---|---|---|---|---|---|---|
r-devel-linux-x86_64-debian-clang | 0.1.1 | 8.95 | 66.83 | 75.78 | NOTE | |
r-devel-linux-x86_64-debian-gcc | 0.1.1 | 6.00 | 49.28 | 55.28 | NOTE | |
r-devel-linux-x86_64-fedora-clang | 0.1.1 | 94.31 | NOTE | |||
r-devel-linux-x86_64-fedora-gcc | 0.1.1 | 87.89 | NOTE | |||
r-devel-windows-x86_64 | 0.1.1 | 8.00 | 66.00 | 74.00 | NOTE | |
r-patched-linux-x86_64 | 0.1.1 | 7.45 | 62.35 | 69.80 | NOTE | |
r-release-linux-x86_64 | 0.1.1 | 5.18 | 64.77 | 69.95 | NOTE | |
r-release-macos-arm64 | 0.1.1 | 30.00 | NOTE | |||
r-release-macos-x86_64 | 0.1.1 | 42.00 | NOTE | |||
r-release-windows-x86_64 | 0.1.1 | 8.00 | 66.00 | 74.00 | NOTE | |
r-oldrel-macos-arm64 | 0.1.1 | 29.00 | NOTE | |||
r-oldrel-macos-x86_64 | 0.1.1 | 41.00 | NOTE | |||
r-oldrel-windows-x86_64 | 0.1.1 | 10.00 | 73.00 | 83.00 | NOTE |
Version: 0.1.1
Check: LazyData
Result: NOTE
'LazyData' is specified without a 'data' directory
Flavors: r-devel-linux-x86_64-debian-clang, r-devel-linux-x86_64-debian-gcc, r-devel-linux-x86_64-fedora-clang, r-devel-linux-x86_64-fedora-gcc, r-devel-windows-x86_64, r-patched-linux-x86_64, r-release-linux-x86_64, r-release-macos-arm64, r-release-macos-x86_64, r-release-windows-x86_64, r-oldrel-macos-arm64, r-oldrel-macos-x86_64, r-oldrel-windows-x86_64