Last updated on 2024-07-01 03:49:11 CEST.
Flavor | Version | Tinstall | Tcheck | Ttotal | Status | Flags |
---|---|---|---|---|---|---|
r-devel-linux-x86_64-debian-clang | 1.1.3 | 54.74 | 63.57 | 118.31 | OK | |
r-devel-linux-x86_64-debian-gcc | 1.1.3 | 38.79 | 48.34 | 87.13 | OK | |
r-devel-linux-x86_64-fedora-clang | 1.1.3 | 153.79 | NOTE | |||
r-devel-linux-x86_64-fedora-gcc | 1.1.3 | 178.52 | NOTE | |||
r-devel-windows-x86_64 | 1.1.3 | 42.00 | 84.00 | 126.00 | OK | |
r-patched-linux-x86_64 | 1.1.3 | 46.82 | 62.95 | 109.77 | OK | |
r-release-linux-x86_64 | 1.1.3 | 49.07 | 65.11 | 114.18 | OK | |
r-release-macos-arm64 | 1.1.3 | 48.00 | NOTE | |||
r-release-macos-x86_64 | 1.1.3 | 75.00 | NOTE | |||
r-release-windows-x86_64 | 1.1.3 | 41.00 | 83.00 | 124.00 | OK | |
r-oldrel-macos-arm64 | 1.1.3 | 51.00 | NOTE | |||
r-oldrel-macos-x86_64 | 1.1.3 | 81.00 | NOTE | |||
r-oldrel-windows-x86_64 | 1.1.3 | 53.00 | 95.00 | 148.00 | OK |
Version: 1.1.3
Check: dependencies in R code
Result: NOTE
Namespace in Imports field not imported from: ‘utils’
All declared Imports should be used.
Flavors: r-devel-linux-x86_64-fedora-clang, r-devel-linux-x86_64-fedora-gcc
Version: 1.1.3
Check: installed package size
Result: NOTE
installed size is 16.1Mb
sub-directories of 1Mb or more:
libs 15.8Mb
Flavors: r-release-macos-arm64, r-release-macos-x86_64, r-oldrel-macos-arm64, r-oldrel-macos-x86_64