Last updated on 2024-07-01 03:49:11 CEST.
Flavor | Version | Tinstall | Tcheck | Ttotal | Status | Flags |
---|---|---|---|---|---|---|
r-devel-linux-x86_64-debian-clang | 1.13.10 | 29.35 | 179.26 | 208.61 | OK | |
r-devel-linux-x86_64-debian-gcc | 1.13.10 | 23.48 | 127.15 | 150.63 | OK | |
r-devel-linux-x86_64-fedora-clang | 1.13.10 | 274.94 | NOTE | |||
r-devel-linux-x86_64-fedora-gcc | 1.13.10 | 253.22 | NOTE | |||
r-devel-windows-x86_64 | 1.13.10 | 23.00 | 129.00 | 152.00 | OK | |
r-patched-linux-x86_64 | 1.13.10 | 29.42 | 166.80 | 196.22 | OK | |
r-release-linux-x86_64 | 1.13.10 | 26.77 | 166.23 | 193.00 | OK | |
r-release-macos-arm64 | 1.13.10 | 60.00 | OK | |||
r-release-macos-x86_64 | 1.13.10 | 101.00 | OK | |||
r-release-windows-x86_64 | 1.13.10 | 25.00 | 131.00 | 156.00 | OK | |
r-oldrel-macos-arm64 | 1.13.10 | 71.00 | OK | |||
r-oldrel-macos-x86_64 | 1.13.10 | 126.00 | OK | |||
r-oldrel-windows-x86_64 | 1.13.10 | 33.00 | 155.00 | 188.00 | OK |
Version: 1.13.10
Check: data for non-ASCII characters
Result: NOTE
Note: found 3 marked UTF-8 strings
Flavors: r-devel-linux-x86_64-fedora-clang, r-devel-linux-x86_64-fedora-gcc