Last updated on 2024-07-01 03:49:11 CEST.
Flavor | Version | Tinstall | Tcheck | Ttotal | Status | Flags |
---|---|---|---|---|---|---|
r-devel-linux-x86_64-debian-clang | 1.1.0 | 162.19 | 192.64 | 354.83 | NOTE | |
r-devel-linux-x86_64-debian-gcc | 1.1.0 | 119.57 | 141.61 | 261.18 | NOTE | |
r-devel-linux-x86_64-fedora-clang | 1.1.0 | 824.42 | OK | |||
r-devel-linux-x86_64-fedora-gcc | 1.1.0 | 900.61 | OK | |||
r-devel-windows-x86_64 | 1.1.0 | 170.00 | 495.00 | 665.00 | OK | |
r-patched-linux-x86_64 | 1.1.0 | 148.19 | 179.17 | 327.36 | NOTE | |
r-release-linux-x86_64 | 1.1.0 | 115.17 | 183.10 | 298.27 | NOTE | |
r-release-macos-arm64 | 1.1.0 | 109.00 | NOTE | |||
r-release-macos-x86_64 | 1.1.0 | 130.00 | NOTE | |||
r-release-windows-x86_64 | 1.1.0 | 170.00 | 507.00 | 677.00 | OK | |
r-oldrel-macos-arm64 | 1.1.0 | 120.00 | NOTE | |||
r-oldrel-macos-x86_64 | 1.1.0 | 207.00 | NOTE | |||
r-oldrel-windows-x86_64 | 1.1.0 | 164.00 | 188.00 | 352.00 | NOTE |
Version: 1.1.0
Check: package dependencies
Result: NOTE
Package suggested but not available for checking: ‘INLA’
Flavors: r-devel-linux-x86_64-debian-clang, r-devel-linux-x86_64-debian-gcc, r-patched-linux-x86_64, r-release-linux-x86_64, r-release-macos-arm64, r-release-macos-x86_64, r-oldrel-macos-arm64, r-oldrel-windows-x86_64
Version: 1.1.0
Check: installed package size
Result: NOTE
installed size is 12.1Mb
sub-directories of 1Mb or more:
doc 2.0Mb
libs 9.6Mb
Flavors: r-release-macos-arm64, r-release-macos-x86_64, r-oldrel-macos-arm64, r-oldrel-macos-x86_64
Version: 1.1.0
Check: package dependencies
Result: NOTE
Packages suggested but not available for checking: 'INLA', 'DHARMa', 'rr2'
Flavor: r-oldrel-macos-x86_64