Last updated on 2024-07-01 03:49:11 CEST.
Flavor | Version | Tinstall | Tcheck | Ttotal | Status | Flags |
---|---|---|---|---|---|---|
r-devel-linux-x86_64-debian-clang | 1.1.4 | 236.63 | 440.38 | 677.01 | OK | |
r-devel-linux-x86_64-debian-gcc | 1.1.4 | 183.66 | 338.32 | 521.98 | OK | |
r-devel-linux-x86_64-fedora-clang | 1.1.4 | 844.90 | NOTE | |||
r-devel-linux-x86_64-fedora-gcc | 1.1.4 | 955.98 | OK | |||
r-devel-windows-x86_64 | 1.1.4 | 154.00 | 395.00 | 549.00 | OK | |
r-patched-linux-x86_64 | 1.1.4 | 154.93 | 437.95 | 592.88 | OK | |
r-release-linux-x86_64 | 1.1.4 | 161.13 | 428.78 | 589.91 | OK | |
r-release-macos-arm64 | 1.1.4 | 240.00 | NOTE | |||
r-release-macos-x86_64 | 1.1.4 | 391.00 | NOTE | |||
r-release-windows-x86_64 | 1.1.4 | 153.00 | 406.00 | 559.00 | OK | |
r-oldrel-macos-arm64 | 1.1.4 | 238.00 | NOTE | |||
r-oldrel-macos-x86_64 | 1.1.4 | 359.00 | NOTE | |||
r-oldrel-windows-x86_64 | 1.1.4 | 226.00 | 491.00 | 717.00 | OK |
Version: 1.1.4
Check: installed package size
Result: NOTE
installed size is 5.2Mb
sub-directories of 1Mb or more:
libs 4.5Mb
Flavors: r-devel-linux-x86_64-fedora-clang, r-release-macos-arm64, r-release-macos-x86_64, r-oldrel-macos-arm64, r-oldrel-macos-x86_64