Last updated on 2024-07-01 03:49:11 CEST.
Flavor | Version | Tinstall | Tcheck | Ttotal | Status | Flags |
---|---|---|---|---|---|---|
r-devel-linux-x86_64-debian-clang | 0.11.2 | 26.56 | 265.22 | 291.78 | OK | |
r-devel-linux-x86_64-debian-gcc | 0.11.2 | 24.06 | 186.23 | 210.29 | OK | |
r-devel-linux-x86_64-fedora-clang | 0.11.2 | 358.52 | OK | |||
r-devel-linux-x86_64-fedora-gcc | 0.11.2 | 351.85 | OK | |||
r-devel-windows-x86_64 | 0.11.2 | 33.00 | 268.00 | 301.00 | OK | |
r-patched-linux-x86_64 | 0.11.2 | 38.24 | 250.05 | 288.29 | OK | |
r-release-linux-x86_64 | 0.11.2 | 27.41 | 250.55 | 277.96 | OK | |
r-release-macos-arm64 | 0.11.2 | 94.00 | OK | |||
r-release-macos-x86_64 | 0.11.2 | 152.00 | OK | |||
r-release-windows-x86_64 | 0.11.2 | 31.00 | 268.00 | 299.00 | OK | |
r-oldrel-macos-arm64 | 0.11.2 | 122.00 | OK | |||
r-oldrel-macos-x86_64 | 0.11.2 | 266.00 | NOTE | |||
r-oldrel-windows-x86_64 | 0.11.2 | 38.00 | 326.00 | 364.00 | OK |
Version: 0.11.2
Check: installed package size
Result: NOTE
installed size is 5.9Mb
sub-directories of 1Mb or more:
R 2.1Mb
help 2.1Mb
Flavor: r-oldrel-macos-x86_64