Last updated on 2024-07-01 03:49:11 CEST.
Flavor | Version | Tinstall | Tcheck | Ttotal | Status | Flags |
---|---|---|---|---|---|---|
r-devel-linux-x86_64-debian-clang | 0.1.3 | 2.61 | 41.54 | 44.15 | NOTE | |
r-devel-linux-x86_64-debian-gcc | 0.1.3 | 2.24 | 31.39 | 33.63 | NOTE | |
r-devel-linux-x86_64-fedora-clang | 0.1.3 | 57.27 | NOTE | |||
r-devel-linux-x86_64-fedora-gcc | 0.1.3 | 65.83 | NOTE | |||
r-devel-windows-x86_64 | 0.1.3 | 5.00 | 58.00 | 63.00 | NOTE | |
r-patched-linux-x86_64 | 0.1.3 | 2.37 | 39.06 | 41.43 | NOTE | |
r-release-linux-x86_64 | 0.1.3 | 2.17 | 40.14 | 42.31 | NOTE | |
r-release-macos-arm64 | 0.1.3 | 25.00 | NOTE | |||
r-release-macos-x86_64 | 0.1.3 | 39.00 | NOTE | |||
r-release-windows-x86_64 | 0.1.3 | 6.00 | 58.00 | 64.00 | NOTE | |
r-oldrel-macos-arm64 | 0.1.3 | 28.00 | NOTE | |||
r-oldrel-macos-x86_64 | 0.1.3 | 40.00 | NOTE | |||
r-oldrel-windows-x86_64 | 0.1.3 | 3.00 | 58.00 | 61.00 | NOTE |
Version: 0.1.3
Check: LazyData
Result: NOTE
'LazyData' is specified without a 'data' directory
Flavors: r-devel-linux-x86_64-debian-clang, r-devel-linux-x86_64-debian-gcc, r-devel-linux-x86_64-fedora-clang, r-devel-linux-x86_64-fedora-gcc, r-devel-windows-x86_64, r-patched-linux-x86_64, r-release-linux-x86_64, r-release-macos-arm64, r-release-macos-x86_64, r-release-windows-x86_64, r-oldrel-macos-arm64, r-oldrel-macos-x86_64, r-oldrel-windows-x86_64