Last updated on 2024-07-01 03:49:11 CEST.
Flavor | Version | Tinstall | Tcheck | Ttotal | Status | Flags |
---|---|---|---|---|---|---|
r-devel-linux-x86_64-debian-clang | 0.1.0 | 7.56 | 57.01 | 64.57 | OK | |
r-devel-linux-x86_64-debian-gcc | 0.1.0 | 6.35 | 43.43 | 49.78 | OK | |
r-devel-linux-x86_64-fedora-clang | 0.1.0 | 84.98 | NOTE | |||
r-devel-linux-x86_64-fedora-gcc | 0.1.0 | 94.67 | NOTE | |||
r-devel-windows-x86_64 | 0.1.0 | 8.00 | 65.00 | 73.00 | OK | |
r-patched-linux-x86_64 | 0.1.0 | 7.21 | 52.91 | 60.12 | OK | |
r-release-linux-x86_64 | 0.1.0 | 4.49 | 54.56 | 59.05 | OK | |
r-release-macos-arm64 | 0.1.0 | 37.00 | OK | |||
r-release-macos-x86_64 | 0.1.0 | 53.00 | OK | |||
r-release-windows-x86_64 | 0.1.0 | 8.00 | 63.00 | 71.00 | OK | |
r-oldrel-macos-arm64 | 0.1.0 | 37.00 | OK | |||
r-oldrel-macos-x86_64 | 0.1.0 | 50.00 | OK | |||
r-oldrel-windows-x86_64 | 0.1.0 | 10.00 | 65.00 | 75.00 | OK |
Version: 0.1.0
Check: data for non-ASCII characters
Result: NOTE
Note: found 114 marked UTF-8 strings
Flavors: r-devel-linux-x86_64-fedora-clang, r-devel-linux-x86_64-fedora-gcc