Last updated on 2024-07-02 15:50:47 CEST.
Flavor | Version | Tinstall | Tcheck | Ttotal | Status | Flags |
---|---|---|---|---|---|---|
r-devel-linux-x86_64-debian-clang | 1.6 | 8.95 | 73.66 | 82.61 | NOTE | |
r-devel-linux-x86_64-debian-gcc | 1.6 | 6.08 | 55.29 | 61.37 | NOTE | |
r-devel-linux-x86_64-fedora-clang | 1.6 | 101.79 | NOTE | |||
r-devel-linux-x86_64-fedora-gcc | 1.6 | 96.01 | NOTE | |||
r-devel-windows-x86_64 | 1.6 | 8.00 | 69.00 | 77.00 | NOTE | |
r-patched-linux-x86_64 | 1.6 | 7.52 | 70.78 | 78.30 | NOTE | |
r-release-linux-x86_64 | 1.6 | 8.47 | 68.46 | 76.93 | NOTE | |
r-release-macos-arm64 | 1.6 | 32.00 | NOTE | |||
r-release-macos-x86_64 | 1.6 | 47.00 | NOTE | |||
r-release-windows-x86_64 | 1.6 | 8.00 | 68.00 | 76.00 | NOTE | |
r-oldrel-macos-arm64 | 1.6 | 34.00 | NOTE | |||
r-oldrel-macos-x86_64 | 1.6 | 57.00 | NOTE | |||
r-oldrel-windows-x86_64 | 1.6 | 10.00 | 82.00 | 92.00 | NOTE |
Version: 1.6
Check: LazyData
Result: NOTE
'LazyData' is specified without a 'data' directory
Flavors: r-devel-linux-x86_64-debian-clang, r-devel-linux-x86_64-debian-gcc, r-devel-linux-x86_64-fedora-clang, r-devel-linux-x86_64-fedora-gcc, r-devel-windows-x86_64, r-patched-linux-x86_64, r-release-linux-x86_64, r-release-macos-arm64, r-release-macos-x86_64, r-release-windows-x86_64, r-oldrel-macos-arm64, r-oldrel-macos-x86_64, r-oldrel-windows-x86_64