Last updated on 2024-07-01 03:49:11 CEST.
Flavor | Version | Tinstall | Tcheck | Ttotal | Status | Flags |
---|---|---|---|---|---|---|
r-devel-linux-x86_64-debian-clang | 2.0.0 | 124.10 | 274.74 | 398.84 | OK | |
r-devel-linux-x86_64-debian-gcc | 2.0.0 | 396.30 | 200.48 | 596.78 | OK | |
r-devel-linux-x86_64-fedora-clang | 2.0.0 | 534.27 | OK | |||
r-devel-linux-x86_64-fedora-gcc | 2.0.0 | 628.12 | OK | |||
r-devel-windows-x86_64 | 2.0.0 | 247.00 | 211.00 | 458.00 | OK | |
r-patched-linux-x86_64 | 2.0.0 | 426.27 | 267.73 | 694.00 | OK | |
r-release-linux-x86_64 | 2.0.0 | 425.56 | 272.00 | 697.56 | OK | |
r-release-macos-arm64 | 2.0.0 | 170.00 | NOTE | |||
r-release-macos-x86_64 | 2.0.0 | 206.00 | NOTE | |||
r-release-windows-x86_64 | 2.0.0 | 244.00 | 210.00 | 454.00 | OK | |
r-oldrel-macos-arm64 | 2.0.0 | 183.00 | NOTE | |||
r-oldrel-macos-x86_64 | 2.0.0 | 340.00 | NOTE | |||
r-oldrel-windows-x86_64 | 2.0.0 | 331.00 | 281.00 | 612.00 | OK |
Version: 2.0.0
Check: installed package size
Result: NOTE
installed size is 5.6Mb
sub-directories of 1Mb or more:
libs 3.8Mb
Flavors: r-release-macos-arm64, r-release-macos-x86_64, r-oldrel-macos-arm64, r-oldrel-macos-x86_64