Last updated on 2024-07-01 03:49:11 CEST.
Flavor | Version | Tinstall | Tcheck | Ttotal | Status | Flags |
---|---|---|---|---|---|---|
r-devel-linux-x86_64-debian-clang | 0.0.5 | 57.10 | 459.06 | 516.16 | NOTE | |
r-devel-linux-x86_64-debian-gcc | 0.0.5 | 49.47 | 328.78 | 378.25 | NOTE | |
r-devel-linux-x86_64-fedora-clang | 0.0.5 | 642.57 | NOTE | |||
r-devel-linux-x86_64-fedora-gcc | 0.0.5 | 636.89 | NOTE | |||
r-devel-windows-x86_64 | 0.0.5 | 44.00 | 272.00 | 316.00 | NOTE | |
r-patched-linux-x86_64 | 0.0.5 | 56.71 | 432.66 | 489.37 | NOTE | |
r-release-linux-x86_64 | 0.0.5 | 35.07 | 430.20 | 465.27 | NOTE | |
r-release-macos-arm64 | 0.0.5 | 116.00 | NOTE | |||
r-release-macos-x86_64 | 0.0.5 | 378.00 | NOTE | |||
r-release-windows-x86_64 | 0.0.5 | 44.00 | 279.00 | 323.00 | NOTE | |
r-oldrel-macos-arm64 | 0.0.5 | 140.00 | OK | |||
r-oldrel-macos-x86_64 | 0.0.5 | 314.00 | OK | |||
r-oldrel-windows-x86_64 | 0.0.5 | 62.00 | 370.00 | 432.00 | OK |
Version: 0.0.5
Check: Rd files
Result: NOTE
checkRd: (-1) plotHeat.Rd:113: Lost braces
113 | code{\link[patternize]{patPCA}}, as 'one' when visualizing single image or as 'multi' for multi
| ^
Flavors: r-devel-linux-x86_64-debian-clang, r-devel-linux-x86_64-debian-gcc, r-devel-linux-x86_64-fedora-clang, r-devel-linux-x86_64-fedora-gcc, r-devel-windows-x86_64, r-patched-linux-x86_64, r-release-linux-x86_64, r-release-macos-arm64, r-release-macos-x86_64, r-release-windows-x86_64