Last updated on 2024-07-01 03:49:11 CEST.
Flavor | Version | Tinstall | Tcheck | Ttotal | Status | Flags |
---|---|---|---|---|---|---|
r-devel-linux-x86_64-debian-clang | 0.2.1 | 108.33 | 308.75 | 417.08 | OK | |
r-devel-linux-x86_64-debian-gcc | 0.2.1 | 77.34 | 221.07 | 298.41 | OK | |
r-devel-linux-x86_64-fedora-clang | 0.2.1 | 549.63 | OK | |||
r-devel-linux-x86_64-fedora-gcc | 0.2.1 | 563.20 | OK | |||
r-devel-windows-x86_64 | 0.2.1 | 95.00 | 286.00 | 381.00 | OK | |
r-patched-linux-x86_64 | 0.2.1 | 94.86 | 289.69 | 384.55 | OK | |
r-release-linux-x86_64 | 0.2.1 | 70.90 | 294.96 | 365.86 | OK | |
r-release-macos-arm64 | 0.2.1 | 153.00 | NOTE | |||
r-release-macos-x86_64 | 0.2.1 | 208.00 | NOTE | |||
r-release-windows-x86_64 | 0.2.1 | 97.00 | 283.00 | 380.00 | OK | |
r-oldrel-macos-arm64 | 0.2.1 | 171.00 | NOTE | |||
r-oldrel-macos-x86_64 | 0.2.1 | 281.00 | NOTE | |||
r-oldrel-windows-x86_64 | 0.2.1 | 111.00 | 335.00 | 446.00 | OK |
Version: 0.2.1
Check: installed package size
Result: NOTE
installed size is 5.8Mb
sub-directories of 1Mb or more:
libs 3.8Mb
Flavors: r-release-macos-arm64, r-release-macos-x86_64, r-oldrel-macos-arm64, r-oldrel-macos-x86_64