Last updated on 2024-07-01 03:49:11 CEST.
Flavor | Version | Tinstall | Tcheck | Ttotal | Status | Flags |
---|---|---|---|---|---|---|
r-devel-linux-x86_64-debian-clang | 0.9.2 | 5.71 | 205.20 | 210.91 | OK | |
r-devel-linux-x86_64-debian-gcc | 0.9.2 | 3.80 | 147.80 | 151.60 | OK | |
r-devel-linux-x86_64-fedora-clang | 0.9.2 | 257.58 | NOTE | |||
r-devel-linux-x86_64-fedora-gcc | 0.9.2 | 262.28 | NOTE | |||
r-devel-windows-x86_64 | 0.9.2 | 5.00 | 174.00 | 179.00 | OK | |
r-patched-linux-x86_64 | 0.9.2 | 5.70 | 199.88 | 205.58 | OK | |
r-release-linux-x86_64 | 0.9.2 | 2.99 | 196.64 | 199.63 | OK | |
r-release-macos-arm64 | 0.9.2 | 77.00 | OK | |||
r-release-macos-x86_64 | 0.9.2 | 111.00 | OK | |||
r-release-windows-x86_64 | 0.9.2 | 6.00 | 174.00 | 180.00 | OK | |
r-oldrel-macos-arm64 | 0.9.2 | 80.00 | OK | |||
r-oldrel-macos-x86_64 | 0.9.2 | 195.00 | OK | |||
r-oldrel-windows-x86_64 | 0.9.2 | 7.00 | 213.00 | 220.00 | OK |
Version: 0.9.2
Check: dependencies in R code
Result: NOTE
Namespace in Imports field not imported from: ‘methods’
All declared Imports should be used.
Flavors: r-devel-linux-x86_64-fedora-clang, r-devel-linux-x86_64-fedora-gcc