Last updated on 2024-07-01 03:49:10 CEST.
Flavor | Version | Tinstall | Tcheck | Ttotal | Status | Flags |
---|---|---|---|---|---|---|
r-devel-linux-x86_64-debian-clang | 0.1.3 | 58.06 | 69.78 | 127.84 | OK | |
r-devel-linux-x86_64-debian-gcc | 0.1.3 | 34.87 | 53.56 | 88.43 | OK | |
r-devel-linux-x86_64-fedora-clang | 0.1.3 | 165.90 | OK | |||
r-devel-linux-x86_64-fedora-gcc | 0.1.3 | 178.06 | OK | |||
r-devel-windows-x86_64 | 0.1.3 | 42.00 | 94.00 | 136.00 | OK | |
r-patched-linux-x86_64 | 0.1.3 | 41.74 | 68.71 | 110.45 | OK | |
r-release-linux-x86_64 | 0.1.3 | 29.89 | 67.08 | 96.97 | OK | |
r-release-macos-arm64 | 0.1.3 | 53.00 | NOTE | |||
r-release-macos-x86_64 | 0.1.3 | 69.00 | NOTE | |||
r-release-windows-x86_64 | 0.1.3 | 42.00 | 98.00 | 140.00 | OK | |
r-oldrel-macos-arm64 | 0.1.3 | 54.00 | NOTE | |||
r-oldrel-macos-x86_64 | 0.1.3 | 99.00 | NOTE | |||
r-oldrel-windows-x86_64 | 0.1.3 | 52.00 | 112.00 | 164.00 | OK |
Version: 0.1.3
Check: installed package size
Result: NOTE
installed size is 7.2Mb
sub-directories of 1Mb or more:
libs 6.8Mb
Flavors: r-release-macos-arm64, r-release-macos-x86_64, r-oldrel-macos-arm64, r-oldrel-macos-x86_64