Last updated on 2024-07-01 03:49:10 CEST.
Flavor | Version | Tinstall | Tcheck | Ttotal | Status | Flags |
---|---|---|---|---|---|---|
r-devel-linux-x86_64-debian-clang | 1.4 | 291.92 | 39.09 | 331.01 | NOTE | |
r-devel-linux-x86_64-debian-gcc | 1.4 | 203.84 | 29.40 | 233.24 | NOTE | |
r-devel-linux-x86_64-fedora-clang | 1.4 | 522.93 | NOTE | |||
r-devel-linux-x86_64-fedora-gcc | 1.4 | 624.34 | NOTE | |||
r-devel-windows-x86_64 | 1.4 | 217.00 | 83.00 | 300.00 | NOTE | |
r-patched-linux-x86_64 | 1.4 | 256.64 | 37.13 | 293.77 | OK | |
r-release-linux-x86_64 | 1.4 | 244.93 | 37.44 | 282.37 | OK | |
r-release-macos-arm64 | 1.4 | 94.00 | NOTE | |||
r-release-macos-x86_64 | 1.4 | 89.00 | NOTE | |||
r-release-windows-x86_64 | 1.4 | 224.00 | 81.00 | 305.00 | OK | |
r-oldrel-macos-arm64 | 1.4 | 110.00 | NOTE | |||
r-oldrel-macos-x86_64 | 1.4 | 150.00 | NOTE | |||
r-oldrel-windows-x86_64 | 1.4 | 199.00 | 93.00 | 292.00 | OK |
Version: 1.4
Check: compiled code
Result: NOTE
File ‘parallelpam/libs/parallelpam.so’:
Found non-API call to R: ‘SET_TYPEOF’
Compiled code should not call non-API entry points in R.
See ‘Writing portable packages’ in the ‘Writing R Extensions’ manual.
See section ‘Moving into C API compliance’ in the ‘Writing R
Extensions’ manual for issues with use of non-API entry points.
Flavors: r-devel-linux-x86_64-debian-clang, r-devel-linux-x86_64-debian-gcc, r-devel-linux-x86_64-fedora-gcc
Version: 1.4
Check: compiled code
Result: NOTE
File ‘parallelpam/libs/parallelpam.so’:
Found non-API call to R: ‘SET_TYPEOF’
Compiled code should not call non-API entry points in R.
See ‘Writing portable packages’ in the ‘Writing R Extensions’ manual,
and section ‘Moving into C API compliance’ for issues with the use of
non-API entry points.
Flavor: r-devel-linux-x86_64-fedora-clang
Version: 1.4
Check: compiled code
Result: NOTE
File 'parallelpam/libs/x64/parallelpam.dll':
Found non-API call to R: 'SET_TYPEOF'
Compiled code should not call non-API entry points in R.
See 'Writing portable packages' in the 'Writing R Extensions' manual.
See section 'Moving into C API compliance' in the 'Writing R
Extensions' manual for issues with use of non-API entry points.
Flavor: r-devel-windows-x86_64
Version: 1.4
Check: installed package size
Result: NOTE
installed size is 16.6Mb
sub-directories of 1Mb or more:
libs 16.2Mb
Flavors: r-release-macos-arm64, r-release-macos-x86_64, r-oldrel-macos-arm64, r-oldrel-macos-x86_64