Last updated on 2024-07-01 03:49:10 CEST.
Flavor | Version | Tinstall | Tcheck | Ttotal | Status | Flags |
---|---|---|---|---|---|---|
r-devel-linux-x86_64-debian-clang | 1.5.1 | 3.31 | 63.88 | 67.19 | OK | |
r-devel-linux-x86_64-debian-gcc | 1.5.1 | 2.43 | 48.65 | 51.08 | OK | |
r-devel-linux-x86_64-fedora-clang | 1.5.1 | 82.41 | OK | |||
r-devel-linux-x86_64-fedora-gcc | 1.5.1 | 77.84 | OK | |||
r-devel-windows-x86_64 | 1.5.1 | 4.00 | 74.00 | 78.00 | OK | |
r-patched-linux-x86_64 | 1.5.1 | 2.71 | 60.62 | 63.33 | OK | |
r-release-linux-x86_64 | 1.5.1 | 3.29 | 60.50 | 63.79 | OK | |
r-release-macos-arm64 | 1.5.1 | 32.00 | NOTE | |||
r-release-macos-x86_64 | 1.5.1 | 47.00 | NOTE | |||
r-release-windows-x86_64 | 1.5.1 | 4.00 | 75.00 | 79.00 | OK | |
r-oldrel-macos-arm64 | 1.5.1 | 33.00 | NOTE | |||
r-oldrel-macos-x86_64 | 1.5.1 | 49.00 | NOTE | |||
r-oldrel-windows-x86_64 | 1.5.1 | 5.00 | 87.00 | 92.00 | OK |
Version: 1.5.1
Check: package dependencies
Result: NOTE
Package suggested but not available for checking: ‘Rmpi’
Flavors: r-release-macos-arm64, r-release-macos-x86_64, r-oldrel-macos-arm64, r-oldrel-macos-x86_64