Last updated on 2024-07-01 03:49:10 CEST.
Flavor | Version | Tinstall | Tcheck | Ttotal | Status | Flags |
---|---|---|---|---|---|---|
r-devel-linux-x86_64-debian-clang | 0.7.8 | 22.41 | 330.33 | 352.74 | OK | |
r-devel-linux-x86_64-debian-gcc | 0.7.8 | 16.03 | 231.89 | 247.92 | OK | |
r-devel-linux-x86_64-fedora-clang | 0.7.8 | 418.55 | NOTE | |||
r-devel-linux-x86_64-fedora-gcc | 0.7.8 | 408.84 | OK | |||
r-devel-windows-x86_64 | 0.7.8 | 17.00 | 235.00 | 252.00 | OK | |
r-patched-linux-x86_64 | 0.7.8 | 20.65 | 309.35 | 330.00 | OK | |
r-release-linux-x86_64 | 0.7.8 | 12.97 | 309.41 | 322.38 | OK | |
r-release-macos-arm64 | 0.7.8 | 96.00 | OK | |||
r-release-macos-x86_64 | 0.7.8 | 164.00 | OK | |||
r-release-windows-x86_64 | 0.7.8 | 16.00 | 237.00 | 253.00 | OK | |
r-oldrel-macos-arm64 | 0.7.8 | 120.00 | OK | |||
r-oldrel-macos-x86_64 | 0.7.8 | 280.00 | OK | |||
r-oldrel-windows-x86_64 | 0.7.8 | 22.00 | 302.00 | 324.00 | OK |
Version: 0.7.8
Check: Rd cross-references
Result: NOTE
Undeclared package ‘AER’ in Rd xrefs
Flavor: r-devel-linux-x86_64-fedora-clang