Last updated on 2024-07-01 03:49:10 CEST.
Flavor | Version | Tinstall | Tcheck | Ttotal | Status | Flags |
---|---|---|---|---|---|---|
r-devel-linux-x86_64-debian-clang | 1.3.0 | 14.29 | 249.16 | 263.45 | OK | |
r-devel-linux-x86_64-debian-gcc | 1.3.0 | 12.25 | 174.42 | 186.67 | OK | |
r-devel-linux-x86_64-fedora-clang | 1.3.0 | 316.68 | NOTE | |||
r-devel-linux-x86_64-fedora-gcc | 1.3.0 | 313.32 | NOTE | |||
r-devel-windows-x86_64 | 1.3.0 | 13.00 | 177.00 | 190.00 | OK | |
r-patched-linux-x86_64 | 1.3.0 | 12.43 | 234.04 | 246.47 | OK | |
r-release-linux-x86_64 | 1.3.0 | 8.36 | 236.96 | 245.32 | OK | |
r-release-macos-arm64 | 1.3.0 | 89.00 | OK | |||
r-release-macos-x86_64 | 1.3.0 | 140.00 | OK | |||
r-release-windows-x86_64 | 1.3.0 | 14.00 | 175.00 | 189.00 | OK | |
r-oldrel-macos-arm64 | 1.3.0 | 101.00 | OK | |||
r-oldrel-macos-x86_64 | 1.3.0 | 220.00 | OK | |||
r-oldrel-windows-x86_64 | 1.3.0 | 15.00 | 224.00 | 239.00 | OK |
Version: 1.3.0
Check: data for non-ASCII characters
Result: NOTE
Note: found 314 marked UTF-8 strings
Flavors: r-devel-linux-x86_64-fedora-clang, r-devel-linux-x86_64-fedora-gcc