Last updated on 2024-07-01 03:49:10 CEST.
Flavor | Version | Tinstall | Tcheck | Ttotal | Status | Flags |
---|---|---|---|---|---|---|
r-devel-linux-x86_64-debian-clang | 0.7.2 | 187.49 | 55.55 | 243.04 | OK | |
r-devel-linux-x86_64-debian-gcc | 0.7.2 | 146.04 | 40.67 | 186.71 | OK | |
r-devel-linux-x86_64-fedora-clang | 0.7.2 | 311.34 | NOTE | |||
r-devel-linux-x86_64-fedora-gcc | 0.7.2 | 350.29 | OK | |||
r-devel-windows-x86_64 | 0.7.2 | 389.00 | 69.00 | 458.00 | NOTE | |
r-patched-linux-x86_64 | 0.7.2 | 186.00 | 52.20 | 238.20 | OK | |
r-release-linux-x86_64 | 0.7.2 | 175.70 | 51.18 | 226.88 | OK | |
r-release-macos-arm64 | 0.7.2 | 101.00 | NOTE | |||
r-release-macos-x86_64 | 0.7.2 | 157.00 | NOTE | |||
r-release-windows-x86_64 | 0.7.2 | 392.00 | 66.00 | 458.00 | NOTE | |
r-oldrel-macos-arm64 | 0.7.2 | 130.00 | NOTE | |||
r-oldrel-macos-x86_64 | 0.7.2 | 291.00 | NOTE | |||
r-oldrel-windows-x86_64 | 0.7.2 | 396.00 | 75.00 | 471.00 | NOTE |
Version: 0.7.2
Check: installed package size
Result: NOTE
installed size is 8.0Mb
sub-directories of 1Mb or more:
library 7.1Mb
Flavors: r-devel-linux-x86_64-fedora-clang, r-devel-windows-x86_64, r-release-macos-arm64, r-release-macos-x86_64, r-release-windows-x86_64, r-oldrel-macos-arm64, r-oldrel-macos-x86_64, r-oldrel-windows-x86_64