Last updated on 2024-07-01 03:49:10 CEST.
Flavor | Version | Tinstall | Tcheck | Ttotal | Status | Flags |
---|---|---|---|---|---|---|
r-devel-linux-x86_64-debian-clang | 0.1.3 | 6.35 | 48.75 | 55.10 | NOTE | |
r-devel-linux-x86_64-debian-gcc | 0.1.3 | 5.37 | 37.03 | 42.40 | NOTE | |
r-devel-linux-x86_64-fedora-clang | 0.1.3 | 70.14 | NOTE | |||
r-devel-linux-x86_64-fedora-gcc | 0.1.3 | 65.25 | NOTE | |||
r-devel-windows-x86_64 | 0.1.3 | 9.00 | 66.00 | 75.00 | NOTE | |
r-patched-linux-x86_64 | 0.1.3 | 8.02 | 47.87 | 55.89 | NOTE | |
r-release-linux-x86_64 | 0.1.3 | 4.61 | 46.66 | 51.27 | NOTE | |
r-release-macos-arm64 | 0.1.3 | 26.00 | NOTE | |||
r-release-macos-x86_64 | 0.1.3 | 35.00 | NOTE | |||
r-release-windows-x86_64 | 0.1.3 | 8.00 | 65.00 | 73.00 | NOTE | |
r-oldrel-macos-arm64 | 0.1.3 | 24.00 | NOTE | |||
r-oldrel-macos-x86_64 | 0.1.3 | 41.00 | NOTE | |||
r-oldrel-windows-x86_64 | 0.1.3 | 9.00 | 73.00 | 82.00 | NOTE |
Version: 0.1.3
Check: package subdirectories
Result: NOTE
Problems with news in ‘NEWS.md’:
Cannot extract version info from the following section titles:
Changes
Flavors: r-devel-linux-x86_64-debian-clang, r-devel-linux-x86_64-debian-gcc, r-devel-linux-x86_64-fedora-clang, r-devel-linux-x86_64-fedora-gcc, r-devel-windows-x86_64, r-patched-linux-x86_64, r-release-linux-x86_64, r-release-macos-arm64, r-release-macos-x86_64, r-release-windows-x86_64, r-oldrel-macos-arm64, r-oldrel-macos-x86_64, r-oldrel-windows-x86_64