Last updated on 2024-07-01 03:49:10 CEST.
Flavor | Version | Tinstall | Tcheck | Ttotal | Status | Flags |
---|---|---|---|---|---|---|
r-devel-linux-x86_64-debian-clang | 0.2.5 | 124.50 | 95.42 | 219.92 | NOTE | |
r-devel-linux-x86_64-debian-gcc | 0.2.5 | 87.07 | 69.42 | 156.49 | NOTE | |
r-devel-linux-x86_64-fedora-clang | 0.2.5 | 304.11 | NOTE | |||
r-devel-linux-x86_64-fedora-gcc | 0.2.5 | 326.95 | NOTE | |||
r-devel-windows-x86_64 | 0.2.5 | 91.00 | 113.00 | 204.00 | NOTE | |
r-patched-linux-x86_64 | 0.2.5 | 103.97 | 90.15 | 194.12 | OK | |
r-release-linux-x86_64 | 0.2.5 | 105.22 | 88.73 | 193.95 | OK | |
r-release-macos-arm64 | 0.2.5 | 76.00 | NOTE | |||
r-release-macos-x86_64 | 0.2.5 | 90.00 | NOTE | |||
r-release-windows-x86_64 | 0.2.5 | 92.00 | 111.00 | 203.00 | NOTE | |
r-oldrel-macos-arm64 | 0.2.5 | 74.00 | NOTE | |||
r-oldrel-macos-x86_64 | 0.2.5 | 93.00 | NOTE | |||
r-oldrel-windows-x86_64 | 0.2.5 | 112.00 | 133.00 | 245.00 | NOTE |
Version: 0.2.5
Check: compiled code
Result: NOTE
File ‘osmdata/libs/osmdata.so’:
Found non-API call to R: ‘SET_TYPEOF’
Compiled code should not call non-API entry points in R.
See ‘Writing portable packages’ in the ‘Writing R Extensions’ manual.
See section ‘Moving into C API compliance’ in the ‘Writing R
Extensions’ manual for issues with use of non-API entry points.
Flavors: r-devel-linux-x86_64-debian-clang, r-devel-linux-x86_64-debian-gcc, r-devel-linux-x86_64-fedora-gcc
Version: 0.2.5
Check: installed package size
Result: NOTE
installed size is 6.1Mb
sub-directories of 1Mb or more:
doc 5.0Mb
Flavors: r-devel-linux-x86_64-fedora-clang, r-devel-windows-x86_64, r-release-macos-arm64, r-release-macos-x86_64, r-release-windows-x86_64, r-oldrel-macos-arm64, r-oldrel-macos-x86_64, r-oldrel-windows-x86_64
Version: 0.2.5
Check: compiled code
Result: NOTE
File ‘osmdata/libs/osmdata.so’:
Found non-API call to R: ‘SET_TYPEOF’
Compiled code should not call non-API entry points in R.
See ‘Writing portable packages’ in the ‘Writing R Extensions’ manual,
and section ‘Moving into C API compliance’ for issues with the use of
non-API entry points.
Flavor: r-devel-linux-x86_64-fedora-clang
Version: 0.2.5
Check: compiled code
Result: NOTE
File 'osmdata/libs/x64/osmdata.dll':
Found non-API call to R: 'SET_TYPEOF'
Compiled code should not call non-API entry points in R.
See 'Writing portable packages' in the 'Writing R Extensions' manual.
See section 'Moving into C API compliance' in the 'Writing R
Extensions' manual for issues with use of non-API entry points.
Flavor: r-devel-windows-x86_64