Last updated on 2024-07-01 03:49:10 CEST.
Flavor | Version | Tinstall | Tcheck | Ttotal | Status | Flags |
---|---|---|---|---|---|---|
r-devel-linux-x86_64-debian-clang | 2.2.0 | 17.15 | 64.00 | 81.15 | OK | |
r-devel-linux-x86_64-debian-gcc | 2.2.0 | 10.48 | 48.03 | 58.51 | OK | |
r-devel-linux-x86_64-fedora-clang | 2.2.0 | 114.63 | OK | |||
r-devel-linux-x86_64-fedora-gcc | 2.2.0 | 126.95 | OK | |||
r-devel-windows-x86_64 | 2.2.0 | 52.00 | 121.00 | 173.00 | NOTE | |
r-patched-linux-x86_64 | 2.2.0 | 13.25 | 59.78 | 73.03 | OK | |
r-release-linux-x86_64 | 2.2.0 | 13.43 | 62.22 | 75.65 | OK | |
r-release-macos-arm64 | 2.2.0 | 53.00 | NOTE | |||
r-release-macos-x86_64 | 2.2.0 | 61.00 | ERROR | |||
r-release-windows-x86_64 | 2.2.0 | 53.00 | 129.00 | 182.00 | NOTE | |
r-oldrel-macos-arm64 | 2.2.0 | 57.00 | NOTE | |||
r-oldrel-macos-x86_64 | 2.2.0 | 102.00 | NOTE | |||
r-oldrel-windows-x86_64 | 2.2.0 | 60.00 | 144.00 | 204.00 | NOTE |
Version: 2.2.0
Check: installed package size
Result: NOTE
installed size is 8.3Mb
sub-directories of 1Mb or more:
doc 2.6Mb
libs 5.2Mb
Flavors: r-devel-windows-x86_64, r-release-macos-arm64, r-release-macos-x86_64, r-release-windows-x86_64, r-oldrel-macos-arm64, r-oldrel-macos-x86_64, r-oldrel-windows-x86_64
Version: 2.2.0
Check: re-building of vignette outputs
Result: ERROR
Error(s) in re-building vignettes:
--- re-building ‘bignum.Rmd’ using rmarkdown
Error: processing vignette 'bignum.Rmd' failed with diagnostics:
there is no package called ‘sass’
--- failed re-building ‘bignum.Rmd’
--- re-building ‘crypto_hashing.Rmd’ using rmarkdown
Error: processing vignette 'crypto_hashing.Rmd' failed with diagnostics:
there is no package called ‘sass’
--- failed re-building ‘crypto_hashing.Rmd’
--- re-building ‘keys.Rmd’ using rmarkdown
Error: processing vignette 'keys.Rmd' failed with diagnostics:
there is no package called ‘sass’
--- failed re-building ‘keys.Rmd’
--- re-building ‘secure_rng.Rmd’ using rmarkdown
Error: processing vignette 'secure_rng.Rmd' failed with diagnostics:
there is no package called ‘sass’
--- failed re-building ‘secure_rng.Rmd’
SUMMARY: processing the following files failed:
‘bignum.Rmd’ ‘crypto_hashing.Rmd’ ‘keys.Rmd’ ‘secure_rng.Rmd’
Error: Vignette re-building failed.
Execution halted
Flavor: r-release-macos-x86_64