Last updated on 2024-07-01 03:49:10 CEST.
Flavor | Version | Tinstall | Tcheck | Ttotal | Status | Flags |
---|---|---|---|---|---|---|
r-devel-linux-x86_64-debian-clang | 0.4.0 | 154.95 | 72.32 | 227.27 | OK | |
r-devel-linux-x86_64-debian-gcc | 0.4.0 | 96.21 | 39.34 | 135.55 | OK | |
r-devel-linux-x86_64-fedora-gcc | 0.4.0 | 312.61 | OK | |||
r-devel-windows-x86_64 | 0.4.0 | 122.00 | 179.00 | 301.00 | NOTE | |
r-patched-linux-x86_64 | 0.4.0 | 124.38 | 52.66 | 177.04 | OK | |
r-release-linux-x86_64 | 0.4.0 | 113.72 | 53.18 | 166.90 | OK | |
r-release-macos-arm64 | 0.4.0 | 58.00 | NOTE | |||
r-release-macos-x86_64 | 0.4.0 | 55.00 | NOTE | |||
r-release-windows-x86_64 | 0.4.0 | 125.00 | 178.00 | 303.00 | NOTE | |
r-oldrel-macos-arm64 | 0.4.0 | 74.00 | NOTE | |||
r-oldrel-macos-x86_64 | 0.4.0 | 92.00 | NOTE | |||
r-oldrel-windows-x86_64 | 0.4.0 | 124.00 | 214.00 | 338.00 | NOTE |
Version: 0.4.0
Check: installed package size
Result: NOTE
installed size is 30.3Mb
sub-directories of 1Mb or more:
libs 19.9Mb
share 10.2Mb
Flavors: r-devel-windows-x86_64, r-release-macos-arm64, r-release-macos-x86_64, r-release-windows-x86_64, r-oldrel-macos-arm64, r-oldrel-macos-x86_64, r-oldrel-windows-x86_64