Last updated on 2024-07-01 03:49:10 CEST.
Flavor | Version | Tinstall | Tcheck | Ttotal | Status | Flags |
---|---|---|---|---|---|---|
r-devel-linux-x86_64-debian-clang | 2.12 | 3.48 | 54.39 | 57.87 | OK | |
r-devel-linux-x86_64-debian-gcc | 2.12 | 2.52 | 41.02 | 43.54 | OK | |
r-devel-linux-x86_64-fedora-clang | 2.12 | 71.79 | NOTE | |||
r-devel-linux-x86_64-fedora-gcc | 2.12 | 81.53 | NOTE | |||
r-devel-windows-x86_64 | 2.12 | 4.00 | 65.00 | 69.00 | OK | |
r-patched-linux-x86_64 | 2.12 | 2.40 | 51.97 | 54.37 | OK | |
r-release-linux-x86_64 | 2.12 | 3.21 | 53.21 | 56.42 | OK | |
r-release-macos-arm64 | 2.12 | 30.00 | OK | |||
r-release-macos-x86_64 | 2.12 | 47.00 | OK | |||
r-release-windows-x86_64 | 2.12 | 3.00 | 64.00 | 67.00 | OK | |
r-oldrel-macos-arm64 | 2.12 | 38.00 | OK | |||
r-oldrel-macos-x86_64 | 2.12 | 74.00 | OK | |||
r-oldrel-windows-x86_64 | 2.12 | 4.00 | 67.00 | 71.00 | OK |
Version: 2.12
Check: data for non-ASCII characters
Result: NOTE
Note: found 4 marked UTF-8 strings
Flavors: r-devel-linux-x86_64-fedora-clang, r-devel-linux-x86_64-fedora-gcc