Last updated on 2024-07-01 03:49:10 CEST.
Flavor | Version | Tinstall | Tcheck | Ttotal | Status | Flags |
---|---|---|---|---|---|---|
r-devel-linux-x86_64-debian-clang | 0.2.2 | 8.05 | 352.85 | 360.90 | OK | |
r-devel-linux-x86_64-debian-gcc | 0.2.2 | 6.58 | 278.96 | 285.54 | OK | |
r-devel-linux-x86_64-fedora-clang | 0.2.2 | 486.76 | OK | |||
r-devel-linux-x86_64-fedora-gcc | 0.2.2 | 504.89 | OK | |||
r-devel-windows-x86_64 | 0.2.2 | 9.00 | 226.00 | 235.00 | OK | |
r-patched-linux-x86_64 | 0.2.2 | 10.95 | 375.22 | 386.17 | OK | |
r-release-linux-x86_64 | 0.2.2 | 5.34 | 367.61 | 372.95 | OK | |
r-release-macos-arm64 | 0.2.2 | 113.00 | OK | |||
r-release-macos-x86_64 | 0.2.2 | 305.00 | OK | |||
r-release-windows-x86_64 | 0.2.2 | 10.00 | 228.00 | 238.00 | OK | |
r-oldrel-macos-arm64 | 0.2.2 | 122.00 | ERROR | |||
r-oldrel-macos-x86_64 | 0.2.2 | 204.00 | ERROR | |||
r-oldrel-windows-x86_64 | 0.2.2 | 12.00 | 283.00 | 295.00 | OK |
Version: 0.2.2
Check: running R code from vignettes
Result: ERROR
Errors in running code in vignettes:
when running code in ‘a02_concept_set.Rmd’
...
> condition_codes <- list(c(201820, 4087682, 3655269))
> newCodelist(condition_codes)
When sourcing ‘a02_concept_set.R’:
Error: ! `x` must be named.
`x` must be a list with objects of class numeric and integer; it can not
contain NA; it has to be named; it can not be NULL.
Execution halted
‘a01_cdm_reference.Rmd’ using ‘UTF-8’... [1s/1s] OK
‘a02_concept_set.Rmd’ using ‘UTF-8’... failed
‘a03_cohort_table.Rmd’ using ‘UTF-8’... [4s/4s] OK
‘a04_summarised_result.Rmd’ using ‘UTF-8’... [1s/2s] OK
‘reexport.Rmd’ using ‘UTF-8’... [0s/0s] OK
Flavor: r-oldrel-macos-arm64
Version: 0.2.2
Check: running R code from vignettes
Result: ERROR
Errors in running code in vignettes:
when running code in ‘a02_concept_set.Rmd’
...
> condition_codes <- list(c(201820, 4087682, 3655269))
> newCodelist(condition_codes)
When sourcing ‘a02_concept_set.R’:
Error: ! `x` must be named.
`x` must be a list with objects of class numeric and integer; it can not
contain NA; it has to be named; it can not be NULL.
Execution halted
‘a01_cdm_reference.Rmd’ using ‘UTF-8’... [1s/1s] OK
‘a02_concept_set.Rmd’ using ‘UTF-8’... failed
‘a03_cohort_table.Rmd’ using ‘UTF-8’... [6s/10s] OK
‘a04_summarised_result.Rmd’ using ‘UTF-8’... [2s/4s] OK
‘reexport.Rmd’ using ‘UTF-8’... [0s/0s] OK
Flavor: r-oldrel-macos-x86_64