Last updated on 2024-07-01 03:49:10 CEST.
Flavor | Version | Tinstall | Tcheck | Ttotal | Status | Flags |
---|---|---|---|---|---|---|
r-devel-linux-x86_64-debian-clang | 0.2.2 | 5.93 | 97.78 | 103.71 | OK | |
r-devel-linux-x86_64-debian-gcc | 0.2.2 | 4.45 | 71.00 | 75.45 | OK | |
r-devel-linux-x86_64-fedora-clang | 0.2.2 | 121.59 | NOTE | |||
r-devel-linux-x86_64-fedora-gcc | 0.2.2 | 131.78 | NOTE | |||
r-devel-windows-x86_64 | 0.2.2 | 7.00 | 91.00 | 98.00 | OK | |
r-patched-linux-x86_64 | 0.2.2 | 5.19 | 92.74 | 97.93 | OK | |
r-release-linux-x86_64 | 0.2.2 | 3.20 | 91.98 | 95.18 | OK | |
r-release-macos-arm64 | 0.2.2 | 66.00 | OK | |||
r-release-macos-x86_64 | 0.2.2 | 86.00 | OK | |||
r-release-windows-x86_64 | 0.2.2 | 6.00 | 90.00 | 96.00 | OK | |
r-oldrel-macos-arm64 | 0.2.2 | 81.00 | OK | |||
r-oldrel-macos-x86_64 | 0.2.2 | 110.00 | OK | |||
r-oldrel-windows-x86_64 | 0.2.2 | 8.00 | 102.00 | 110.00 | OK |
Version: 0.2.2
Check: Rd cross-references
Result: NOTE
Undeclared package ‘sp’ in Rd xrefs
Flavor: r-devel-linux-x86_64-fedora-clang
Version: 0.2.2
Check: data for non-ASCII characters
Result: NOTE
Note: found 12 marked UTF-8 strings
Flavors: r-devel-linux-x86_64-fedora-clang, r-devel-linux-x86_64-fedora-gcc