Last updated on 2024-07-01 03:49:10 CEST.
Flavor | Version | Tinstall | Tcheck | Ttotal | Status | Flags |
---|---|---|---|---|---|---|
r-devel-linux-x86_64-debian-clang | 0.5.2 | 119.02 | 177.32 | 296.34 | OK | |
r-devel-linux-x86_64-debian-gcc | 0.5.2 | 78.13 | 129.20 | 207.33 | OK | |
r-devel-linux-x86_64-fedora-clang | 0.5.2 | 394.67 | OK | |||
r-devel-linux-x86_64-fedora-gcc | 0.5.2 | 422.00 | OK | |||
r-devel-windows-x86_64 | 0.5.2 | 86.00 | 197.00 | 283.00 | OK | |
r-patched-linux-x86_64 | 0.5.2 | 72.79 | 169.79 | 242.58 | OK | |
r-release-linux-x86_64 | 0.5.2 | 72.73 | 166.02 | 238.75 | OK | |
r-release-macos-arm64 | 0.5.2 | 119.00 | NOTE | |||
r-release-macos-x86_64 | 0.5.2 | 253.00 | NOTE | |||
r-release-windows-x86_64 | 0.5.2 | 88.00 | 191.00 | 279.00 | OK | |
r-oldrel-macos-arm64 | 0.5.2 | 124.00 | NOTE | |||
r-oldrel-macos-x86_64 | 0.5.2 | 220.00 | NOTE | |||
r-oldrel-windows-x86_64 | 0.5.2 | 114.00 | 225.00 | 339.00 | OK |
Version: 0.5.2
Check: installed package size
Result: NOTE
installed size is 8.1Mb
sub-directories of 1Mb or more:
libs 7.5Mb
Flavors: r-release-macos-arm64, r-release-macos-x86_64, r-oldrel-macos-arm64, r-oldrel-macos-x86_64