Last updated on 2024-07-01 03:49:10 CEST.
Flavor | Version | Tinstall | Tcheck | Ttotal | Status | Flags |
---|---|---|---|---|---|---|
r-devel-linux-x86_64-debian-clang | 0.1.4 | 1.89 | 25.28 | 27.17 | OK | |
r-devel-linux-x86_64-debian-gcc | 0.1.4 | 1.64 | 20.27 | 21.91 | OK | |
r-devel-linux-x86_64-fedora-clang | 0.1.4 | 36.66 | NOTE | |||
r-devel-linux-x86_64-fedora-gcc | 0.1.4 | 46.83 | NOTE | |||
r-devel-windows-x86_64 | 0.1.4 | 3.00 | 44.00 | 47.00 | OK | |
r-patched-linux-x86_64 | 0.1.4 | 2.04 | 24.44 | 26.48 | OK | |
r-release-linux-x86_64 | 0.1.4 | 1.41 | 24.61 | 26.02 | OK | |
r-release-macos-arm64 | 0.1.4 | 22.00 | OK | |||
r-release-macos-x86_64 | 0.1.4 | 32.00 | OK | |||
r-release-windows-x86_64 | 0.1.4 | 3.00 | 44.00 | 47.00 | OK | |
r-oldrel-macos-arm64 | 0.1.4 | 25.00 | OK | |||
r-oldrel-macos-x86_64 | 0.1.4 | 28.00 | OK | |||
r-oldrel-windows-x86_64 | 0.1.4 | 3.00 | 43.00 | 46.00 | OK |
Version: 0.1.4
Check: dependencies in R code
Result: NOTE
Namespace in Imports field not imported from: ‘MASS’
All declared Imports should be used.
Flavors: r-devel-linux-x86_64-fedora-clang, r-devel-linux-x86_64-fedora-gcc