Last updated on 2024-07-01 03:49:10 CEST.
Flavor | Version | Tinstall | Tcheck | Ttotal | Status | Flags |
---|---|---|---|---|---|---|
r-devel-linux-x86_64-debian-clang | 1.1.3 | 60.90 | 380.89 | 441.79 | OK | |
r-devel-linux-x86_64-debian-gcc | 1.1.3 | 42.65 | 295.90 | 338.55 | OK | |
r-devel-linux-x86_64-fedora-clang | 1.1.3 | 606.44 | OK | |||
r-devel-linux-x86_64-fedora-gcc | 1.1.3 | 388.07 | OK | |||
r-devel-windows-x86_64 | 1.1.3 | 49.00 | 370.00 | 419.00 | OK | |
r-patched-linux-x86_64 | 1.1.3 | 59.88 | 367.56 | 427.44 | OK | |
r-release-linux-x86_64 | 1.1.3 | 37.44 | 367.47 | 404.91 | OK | |
r-release-macos-arm64 | 1.1.3 | 241.00 | OK | |||
r-release-macos-x86_64 | 1.1.3 | 697.00 | OK | |||
r-release-windows-x86_64 | 1.1.3 | 51.00 | 364.00 | 415.00 | OK | |
r-oldrel-macos-arm64 | 1.1.3 | 361.00 | ERROR | |||
r-oldrel-macos-x86_64 | 1.1.3 | 820.00 | ERROR | |||
r-oldrel-windows-x86_64 | 1.1.3 | 64.00 | 419.00 | 483.00 | OK |
Version: 1.1.3
Check: running R code from vignettes
Result: ERROR
Errors in running code in vignettes:
when running code in ‘o2geosocial.Rmd’
...
> gamma <- max(dist_mat_stouffer) + 1
> dist_mat_stouffer[dist_mat_stouffer == -1] <- max(dist_mat_stouffer) *
+ 2
> moves3 <- custom_moves(a = cpp_stouffer_move_a)
When sourcing ‘o2geosocial.R’:
Error: object 'cpp_stouffer_move_a' not found
Execution halted
‘o2geosocial.Rmd’ using ‘UTF-8’... failed
Flavors: r-oldrel-macos-arm64, r-oldrel-macos-x86_64