Last updated on 2024-07-01 03:49:10 CEST.
Flavor | Version | Tinstall | Tcheck | Ttotal | Status | Flags |
---|---|---|---|---|---|---|
r-devel-linux-x86_64-debian-clang | 1.0.2 | 156.62 | 57.71 | 214.33 | OK | |
r-devel-linux-x86_64-debian-gcc | 1.0.2 | 131.04 | 42.88 | 173.92 | OK | |
r-devel-linux-x86_64-fedora-clang | 1.0.2 | 338.90 | OK | |||
r-devel-linux-x86_64-fedora-gcc | 1.0.2 | 370.75 | OK | |||
r-devel-windows-x86_64 | 1.0.2 | 136.00 | 85.00 | 221.00 | OK | |
r-patched-linux-x86_64 | 1.0.2 | 154.03 | 54.12 | 208.15 | OK | |
r-release-linux-x86_64 | 1.0.2 | 108.10 | 54.14 | 162.24 | OK | |
r-release-macos-arm64 | 1.0.2 | 63.00 | NOTE | |||
r-release-macos-x86_64 | 1.0.2 | 114.00 | NOTE | |||
r-release-windows-x86_64 | 1.0.2 | 145.00 | 89.00 | 234.00 | OK | |
r-oldrel-macos-arm64 | 1.0.2 | 71.00 | NOTE | |||
r-oldrel-macos-x86_64 | 1.0.2 | 80.00 | NOTE | |||
r-oldrel-windows-x86_64 | 1.0.2 | 178.00 | 104.00 | 282.00 | OK |
Version: 1.0.2
Check: installed package size
Result: NOTE
installed size is 11.2Mb
sub-directories of 1Mb or more:
libs 11.0Mb
Flavors: r-release-macos-arm64, r-release-macos-x86_64, r-oldrel-macos-arm64, r-oldrel-macos-x86_64