Last updated on 2024-07-01 03:49:10 CEST.
Flavor | Version | Tinstall | Tcheck | Ttotal | Status | Flags |
---|---|---|---|---|---|---|
r-devel-linux-x86_64-debian-clang | 2.6.2 | 8.59 | 97.64 | 106.23 | NOTE | |
r-devel-linux-x86_64-debian-gcc | 2.6.2 | 7.53 | 72.90 | 80.43 | NOTE | |
r-devel-linux-x86_64-fedora-clang | 2.6.2 | 137.68 | NOTE | |||
r-devel-linux-x86_64-fedora-gcc | 2.6.2 | 141.12 | NOTE | |||
r-devel-windows-x86_64 | 2.6.2 | 9.00 | 99.00 | 108.00 | NOTE | |
r-patched-linux-x86_64 | 2.6.2 | 15.58 | 95.62 | 111.20 | NOTE | |
r-release-linux-x86_64 | 2.6.2 | 5.56 | 96.17 | 101.73 | NOTE | |
r-release-macos-arm64 | 2.6.2 | 52.00 | NOTE | |||
r-release-macos-x86_64 | 2.6.2 | 70.00 | NOTE | |||
r-release-windows-x86_64 | 2.6.2 | 9.00 | 99.00 | 108.00 | NOTE | |
r-oldrel-macos-arm64 | 2.6.2 | 49.00 | OK | |||
r-oldrel-macos-x86_64 | 2.6.2 | 72.00 | OK | |||
r-oldrel-windows-x86_64 | 2.6.2 | 12.00 | 111.00 | 123.00 | OK |
Version: 2.6.2
Check: Rd files
Result: NOTE
checkRd: (-1) dbConnect-AthenaDriver-method.Rd:108-110: Lost braces in \itemize; meant \describe ?
checkRd: (-1) dbConnect-AthenaDriver-method.Rd:111-113: Lost braces in \itemize; meant \describe ?
checkRd: (-1) dbConnect-AthenaDriver-method.Rd:114-117: Lost braces in \itemize; meant \describe ?
checkRd: (-1) dbConnect-AthenaDriver-method.Rd:118-120: Lost braces in \itemize; meant \describe ?
checkRd: (-1) dbConnect-AthenaDriver-method.Rd:121-124: Lost braces in \itemize; meant \describe ?
checkRd: (-1) dbConnect-AthenaDriver-method.Rd:125: Lost braces in \itemize; meant \describe ?
Flavors: r-devel-linux-x86_64-debian-clang, r-devel-linux-x86_64-debian-gcc, r-devel-linux-x86_64-fedora-clang, r-devel-linux-x86_64-fedora-gcc, r-devel-windows-x86_64, r-patched-linux-x86_64, r-release-linux-x86_64, r-release-macos-arm64, r-release-macos-x86_64, r-release-windows-x86_64