Last updated on 2024-07-01 03:49:09 CEST.
Flavor | Version | Tinstall | Tcheck | Ttotal | Status | Flags |
---|---|---|---|---|---|---|
r-devel-linux-x86_64-debian-clang | 1.4.0 | 5.92 | 92.50 | 98.42 | OK | |
r-devel-linux-x86_64-debian-gcc | 1.4.0 | 4.07 | 69.08 | 73.15 | OK | |
r-devel-linux-x86_64-fedora-clang | 1.4.0 | 126.69 | NOTE | |||
r-devel-linux-x86_64-fedora-gcc | 1.4.0 | 133.71 | OK | |||
r-devel-windows-x86_64 | 1.4.0 | 6.00 | 110.00 | 116.00 | OK | |
r-patched-linux-x86_64 | 1.4.0 | 6.42 | 87.56 | 93.98 | OK | |
r-release-linux-x86_64 | 1.4.0 | 4.41 | 89.42 | 93.83 | OK | |
r-release-macos-arm64 | 1.4.0 | 58.00 | OK | |||
r-release-macos-x86_64 | 1.4.0 | 85.00 | NOTE | |||
r-release-windows-x86_64 | 1.4.0 | 6.00 | 112.00 | 118.00 | OK | |
r-oldrel-macos-arm64 | 1.4.0 | 71.00 | OK | |||
r-oldrel-macos-x86_64 | 1.4.0 | 154.00 | OK | |||
r-oldrel-windows-x86_64 | 1.4.0 | 9.00 | 125.00 | 134.00 | OK |
Version: 1.4.0
Check: Rd cross-references
Result: NOTE
Undeclared package ‘yaml’ in Rd xrefs
Flavor: r-devel-linux-x86_64-fedora-clang
Version: 1.4.0
Check: package dependencies
Result: NOTE
Package suggested but not available for checking: ‘arrow’
Flavor: r-release-macos-x86_64
Version: 1.4.0
Check: Rd cross-references
Result: NOTE
Package unavailable to check Rd xrefs: ‘arrow’
Flavor: r-release-macos-x86_64