Last updated on 2024-07-01 03:49:09 CEST.
Flavor | Version | Tinstall | Tcheck | Ttotal | Status | Flags |
---|---|---|---|---|---|---|
r-devel-linux-x86_64-debian-clang | 0.12.0 | 7.94 | 81.15 | 89.09 | NOTE | |
r-devel-linux-x86_64-debian-gcc | 0.12.0 | 5.61 | 56.85 | 62.46 | NOTE | |
r-devel-linux-x86_64-fedora-clang | 0.12.0 | 108.38 | NOTE | |||
r-devel-linux-x86_64-fedora-gcc | 0.12.0 | 113.79 | NOTE | |||
r-devel-windows-x86_64 | 0.12.0 | 8.00 | 76.00 | 84.00 | NOTE | |
r-patched-linux-x86_64 | 0.12.0 | 4.89 | 75.80 | 80.69 | NOTE | |
r-release-linux-x86_64 | 0.12.0 | 5.45 | 74.02 | 79.47 | NOTE | |
r-release-macos-arm64 | 0.12.0 | 51.00 | NOTE | |||
r-release-macos-x86_64 | 0.12.0 | 116.00 | NOTE | |||
r-release-windows-x86_64 | 0.12.0 | 8.00 | 76.00 | 84.00 | NOTE | |
r-oldrel-macos-arm64 | 0.12.0 | 42.00 | NOTE | |||
r-oldrel-macos-x86_64 | 0.12.0 | 68.00 | NOTE | |||
r-oldrel-windows-x86_64 | 0.12.0 | 10.00 | 87.00 | 97.00 | NOTE |
Version: 0.12.0
Check: LazyData
Result: NOTE
'LazyData' is specified without a 'data' directory
Flavors: r-devel-linux-x86_64-debian-clang, r-devel-linux-x86_64-debian-gcc, r-devel-linux-x86_64-fedora-clang, r-devel-linux-x86_64-fedora-gcc, r-devel-windows-x86_64, r-patched-linux-x86_64, r-release-linux-x86_64, r-release-macos-arm64, r-release-macos-x86_64, r-release-windows-x86_64, r-oldrel-macos-arm64, r-oldrel-macos-x86_64, r-oldrel-windows-x86_64