Last updated on 2024-07-01 03:49:09 CEST.
Flavor | Version | Tinstall | Tcheck | Ttotal | Status | Flags |
---|---|---|---|---|---|---|
r-devel-linux-x86_64-debian-clang | 1.0.1 | 9.61 | 77.32 | 86.93 | NOTE | |
r-devel-linux-x86_64-debian-gcc | 1.0.1 | 7.06 | 56.37 | 63.43 | NOTE | |
r-devel-linux-x86_64-fedora-clang | 1.0.1 | 104.63 | NOTE | |||
r-devel-linux-x86_64-fedora-gcc | 1.0.1 | 99.51 | NOTE | |||
r-devel-windows-x86_64 | 1.0.1 | 9.00 | 71.00 | 80.00 | NOTE | |
r-patched-linux-x86_64 | 1.0.1 | 5.93 | 72.12 | 78.05 | NOTE | |
r-release-linux-x86_64 | 1.0.1 | 6.32 | 71.32 | 77.64 | NOTE | |
r-release-macos-arm64 | 1.0.1 | 38.00 | NOTE | |||
r-release-macos-x86_64 | 1.0.1 | 53.00 | NOTE | |||
r-release-windows-x86_64 | 1.0.1 | 9.00 | 74.00 | 83.00 | NOTE | |
r-oldrel-macos-arm64 | 1.0.1 | 39.00 | OK | |||
r-oldrel-macos-x86_64 | 1.0.1 | 57.00 | OK | |||
r-oldrel-windows-x86_64 | 1.0.1 | 13.00 | 85.00 | 98.00 | OK |
Version: 1.0.1
Check: Rd files
Result: NOTE
checkRd: (-1) networktree.Rd:56: Lost braces; missing escapes or markup?
56 | with a matrix response {y}. \code{x1} and \code{x2} are used as
| ^
Flavors: r-devel-linux-x86_64-debian-clang, r-devel-linux-x86_64-debian-gcc, r-devel-linux-x86_64-fedora-clang, r-devel-linux-x86_64-fedora-gcc, r-devel-windows-x86_64, r-patched-linux-x86_64, r-release-linux-x86_64, r-release-macos-arm64, r-release-macos-x86_64, r-release-windows-x86_64
Version: 1.0.1
Check: data for non-ASCII characters
Result: NOTE
Note: found 2 marked Latin-1 strings
Flavors: r-devel-linux-x86_64-fedora-clang, r-devel-linux-x86_64-fedora-gcc