Last updated on 2024-07-01 03:49:09 CEST.
Flavor | Version | Tinstall | Tcheck | Ttotal | Status | Flags |
---|---|---|---|---|---|---|
r-devel-linux-x86_64-debian-clang | 0.1-2 | 2726.99 | 356.65 | 3083.64 | NOTE | |
r-devel-linux-x86_64-debian-gcc | 0.1-2 | 2329.49 | 464.37 | 2793.86 | NOTE | |
r-devel-linux-x86_64-fedora-clang | 0.1-2 | 3694.76 | NOTE | |||
r-devel-linux-x86_64-fedora-gcc | 0.1-2 | 5751.35 | NOTE | |||
r-devel-windows-x86_64 | 0.1-2 | 2018.00 | 471.00 | 2489.00 | NOTE | |
r-patched-linux-x86_64 | 0.1-2 | 1871.77 | 612.47 | 2484.24 | NOTE | |
r-release-linux-x86_64 | 0.1-2 | 0.01 | 3.50 | 3.51 | ERROR | |
r-release-macos-arm64 | 0.1-2 | 886.00 | NOTE | |||
r-release-macos-x86_64 | 0.1-2 | 702.00 | NOTE | |||
r-release-windows-x86_64 | 0.1-2 | 2016.00 | 469.00 | 2485.00 | NOTE | |
r-oldrel-macos-arm64 | 0.1-2 | 876.00 | NOTE | |||
r-oldrel-macos-x86_64 | 0.1-2 | 830.00 | NOTE | |||
r-oldrel-windows-x86_64 | 0.1-2 | 2688.00 | 571.00 | 3259.00 | NOTE |
Version: 0.1-2
Check: for GNU extensions in Makefiles
Result: NOTE
GNU make is a SystemRequirements.
Flavors: r-devel-linux-x86_64-debian-clang, r-devel-linux-x86_64-debian-gcc, r-devel-linux-x86_64-fedora-clang, r-devel-linux-x86_64-fedora-gcc, r-devel-windows-x86_64, r-patched-linux-x86_64, r-release-macos-arm64, r-release-macos-x86_64, r-release-windows-x86_64, r-oldrel-macos-arm64, r-oldrel-macos-x86_64, r-oldrel-windows-x86_64
Version: 0.1-2
Check: installed package size
Result: NOTE
installed size is 20.4Mb
sub-directories of 1Mb or more:
libs 19.6Mb
Flavors: r-devel-linux-x86_64-fedora-clang, r-devel-windows-x86_64, r-release-macos-arm64, r-release-macos-x86_64, r-release-windows-x86_64, r-oldrel-macos-arm64, r-oldrel-macos-x86_64, r-oldrel-windows-x86_64
Version: 0.1-2
Check: dependencies in R code
Result: NOTE
Namespaces in Imports field not imported from:
‘RcppParallel’ ‘rstantools’
All declared Imports should be used.
Flavors: r-devel-linux-x86_64-fedora-clang, r-devel-linux-x86_64-fedora-gcc
Version: 0.1-2
Check: whether package can be installed
Result: ERROR
Installation failed.
Flavor: r-release-linux-x86_64