Last updated on 2024-07-01 03:49:09 CEST.
Flavor | Version | Tinstall | Tcheck | Ttotal | Status | Flags |
---|---|---|---|---|---|---|
r-devel-linux-x86_64-debian-clang | 0.1.4 | 7.22 | 67.05 | 74.27 | NOTE | |
r-devel-linux-x86_64-debian-gcc | 0.1.4 | 5.06 | 50.40 | 55.46 | NOTE | |
r-devel-linux-x86_64-fedora-clang | 0.1.4 | 95.65 | NOTE | |||
r-devel-linux-x86_64-fedora-gcc | 0.1.4 | 101.41 | NOTE | |||
r-devel-windows-x86_64 | 0.1.4 | 9.00 | 70.00 | 79.00 | NOTE | |
r-patched-linux-x86_64 | 0.1.4 | 7.19 | 64.24 | 71.43 | NOTE | |
r-release-linux-x86_64 | 0.1.4 | 3.95 | 64.10 | 68.05 | NOTE | |
r-release-macos-arm64 | 0.1.4 | 38.00 | NOTE | |||
r-release-macos-x86_64 | 0.1.4 | 60.00 | NOTE | |||
r-release-windows-x86_64 | 0.1.4 | 8.00 | 71.00 | 79.00 | NOTE | |
r-oldrel-macos-arm64 | 0.1.4 | 35.00 | OK | |||
r-oldrel-macos-x86_64 | 0.1.4 | 53.00 | OK | |||
r-oldrel-windows-x86_64 | 0.1.4 | 9.00 | 78.00 | 87.00 | OK |
Version: 0.1.4
Check: Rd files
Result: NOTE
checkRd: (-1) nettskjema_get_data.Rd:64-65: Lost braces in \itemize; meant \describe ?
checkRd: (-1) nettskjema_get_data.Rd:66-67: Lost braces in \itemize; meant \describe ?
checkRd: (-1) nettskjema_get_data.Rd:68-69: Lost braces in \itemize; meant \describe ?
checkRd: (-1) nettskjema_token2renviron.Rd:32: Lost braces in \itemize; meant \describe ?
checkRd: (-1) nettskjema_token2renviron.Rd:33: Lost braces in \itemize; meant \describe ?
checkRd: (-1) nettskjema_token2renviron.Rd:34: Lost braces in \itemize; meant \describe ?
checkRd: (-1) nettskjema_write_codebook.Rd:44: Lost braces in \itemize; meant \describe ?
checkRd: (-1) nettskjema_write_codebook.Rd:45: Lost braces in \itemize; meant \describe ?
Flavors: r-devel-linux-x86_64-debian-clang, r-devel-linux-x86_64-debian-gcc, r-devel-linux-x86_64-fedora-clang, r-devel-linux-x86_64-fedora-gcc, r-devel-windows-x86_64, r-patched-linux-x86_64, r-release-linux-x86_64, r-release-macos-arm64, r-release-macos-x86_64, r-release-windows-x86_64