Last updated on 2024-07-01 03:49:09 CEST.
Flavor | Version | Tinstall | Tcheck | Ttotal | Status | Flags |
---|---|---|---|---|---|---|
r-devel-linux-x86_64-debian-clang | 0.1.0 | 2.96 | 61.97 | 64.93 | NOTE | |
r-devel-linux-x86_64-debian-gcc | 0.1.0 | 2.32 | 46.03 | 48.35 | NOTE | |
r-devel-linux-x86_64-fedora-clang | 0.1.0 | 83.87 | NOTE | |||
r-devel-linux-x86_64-fedora-gcc | 0.1.0 | 94.70 | NOTE | |||
r-devel-windows-x86_64 | 0.1.0 | 4.00 | 74.00 | 78.00 | NOTE | |
r-patched-linux-x86_64 | 0.1.0 | 1.83 | 59.71 | 61.54 | NOTE | |
r-release-linux-x86_64 | 0.1.0 | 1.86 | 58.41 | 60.27 | NOTE | |
r-release-macos-arm64 | 0.1.0 | 46.00 | NOTE | |||
r-release-macos-x86_64 | 0.1.0 | 58.00 | NOTE | |||
r-release-windows-x86_64 | 0.1.0 | 4.00 | 76.00 | 80.00 | NOTE | |
r-oldrel-macos-arm64 | 0.1.0 | 40.00 | OK | |||
r-oldrel-macos-x86_64 | 0.1.0 | 50.00 | OK | |||
r-oldrel-windows-x86_64 | 0.1.0 | 5.00 | 79.00 | 84.00 | OK |
Version: 0.1.0
Check: Rd files
Result: NOTE
checkRd: (-1) lawdata.Rd:15: Lost braces in \itemize; meant \describe ?
checkRd: (-1) lawdata.Rd:16: Lost braces in \itemize; meant \describe ?
checkRd: (-1) lawdata.Rd:17: Lost braces in \itemize; meant \describe ?
checkRd: (-1) lawdata.Rd:18: Lost braces in \itemize; meant \describe ?
checkRd: (-1) lawdata.Rd:19: Lost braces in \itemize; meant \describe ?
checkRd: (-1) lawdata.Rd:20: Lost braces in \itemize; meant \describe ?
checkRd: (-1) lawdata.Rd:21: Lost braces in \itemize; meant \describe ?
checkRd: (-1) lawdata.Rd:22: Lost braces in \itemize; meant \describe ?
Flavors: r-devel-linux-x86_64-debian-clang, r-devel-linux-x86_64-debian-gcc, r-devel-linux-x86_64-fedora-clang, r-devel-linux-x86_64-fedora-gcc, r-devel-windows-x86_64, r-patched-linux-x86_64, r-release-linux-x86_64, r-release-macos-arm64, r-release-macos-x86_64, r-release-windows-x86_64