Last updated on 2024-07-01 03:49:09 CEST.
Flavor | Version | Tinstall | Tcheck | Ttotal | Status | Flags |
---|---|---|---|---|---|---|
r-devel-linux-x86_64-debian-clang | 1.6.1 | 13.45 | 211.41 | 224.86 | OK | |
r-devel-linux-x86_64-debian-gcc | 1.6.1 | 10.53 | 153.35 | 163.88 | OK | |
r-devel-linux-x86_64-fedora-clang | 1.6.1 | 282.80 | NOTE | |||
r-devel-linux-x86_64-fedora-gcc | 1.6.1 | 278.80 | NOTE | |||
r-devel-windows-x86_64 | 1.6.1 | 13.00 | 160.00 | 173.00 | OK | |
r-patched-linux-x86_64 | 1.6.1 | 12.31 | 207.59 | 219.90 | OK | |
r-release-linux-x86_64 | 1.6.1 | 10.56 | 209.19 | 219.75 | OK | |
r-release-macos-arm64 | 1.6.1 | 89.00 | OK | |||
r-release-macos-x86_64 | 1.6.1 | 152.00 | OK | |||
r-release-windows-x86_64 | 1.6.1 | 12.00 | 164.00 | 176.00 | OK | |
r-oldrel-macos-arm64 | 1.6.1 | 112.00 | OK | |||
r-oldrel-macos-x86_64 | 1.6.1 | 195.00 | OK | |||
r-oldrel-windows-x86_64 | 1.6.1 | 15.00 | 195.00 | 210.00 | OK |
Version: 1.6.1
Check: data for non-ASCII characters
Result: NOTE
Note: found 1008 marked UTF-8 strings
Flavors: r-devel-linux-x86_64-fedora-clang, r-devel-linux-x86_64-fedora-gcc