Last updated on 2024-07-01 03:49:09 CEST.
Flavor | Version | Tinstall | Tcheck | Ttotal | Status | Flags |
---|---|---|---|---|---|---|
r-devel-linux-x86_64-debian-clang | 1.5.3 | 148.73 | 528.18 | 676.91 | OK | |
r-devel-linux-x86_64-debian-gcc | 1.5.3 | 111.08 | 378.84 | 489.92 | OK | |
r-devel-linux-x86_64-fedora-clang | 1.5.3 | 881.58 | OK | |||
r-devel-linux-x86_64-fedora-gcc | 1.5.3 | 896.79 | OK | |||
r-devel-windows-x86_64 | 1.5.3 | 93.00 | 345.00 | 438.00 | OK | |
r-patched-linux-x86_64 | 1.5.3 | 117.55 | 502.60 | 620.15 | OK | |
r-release-linux-x86_64 | 1.5.3 | 81.50 | 498.60 | 580.10 | OK | |
r-release-macos-arm64 | 1.5.3 | 214.00 | NOTE | |||
r-release-macos-x86_64 | 1.5.3 | 319.00 | NOTE | |||
r-release-windows-x86_64 | 1.5.3 | 97.00 | 360.00 | 457.00 | OK | |
r-oldrel-macos-arm64 | 1.5.3 | 208.00 | NOTE | |||
r-oldrel-macos-x86_64 | 1.5.3 | 488.00 | NOTE | |||
r-oldrel-windows-x86_64 | 1.5.3 | 129.00 | 469.00 | 598.00 | OK |
Version: 1.5.3
Check: installed package size
Result: NOTE
installed size is 29.3Mb
sub-directories of 1Mb or more:
libs 27.6Mb
Flavors: r-release-macos-arm64, r-release-macos-x86_64, r-oldrel-macos-arm64, r-oldrel-macos-x86_64