Last updated on 2024-07-01 03:49:09 CEST.
Flavor | Version | Tinstall | Tcheck | Ttotal | Status | Flags |
---|---|---|---|---|---|---|
r-devel-linux-x86_64-debian-clang | 0.1 | 69.34 | 87.79 | 157.13 | NOTE | |
r-devel-linux-x86_64-debian-gcc | 0.1 | 56.43 | 64.81 | 121.24 | NOTE | |
r-devel-linux-x86_64-fedora-clang | 0.1 | 201.11 | NOTE | |||
r-devel-linux-x86_64-fedora-gcc | 0.1 | 247.82 | NOTE | |||
r-devel-windows-x86_64 | 0.1 | 58.00 | 100.00 | 158.00 | NOTE | |
r-patched-linux-x86_64 | 0.1 | 63.42 | 81.84 | 145.26 | NOTE | |
r-release-linux-x86_64 | 0.1 | 62.77 | 80.61 | 143.38 | NOTE | |
r-release-macos-arm64 | 0.1 | 57.00 | NOTE | |||
r-release-macos-x86_64 | 0.1 | 103.00 | NOTE | |||
r-release-windows-x86_64 | 0.1 | 58.00 | 108.00 | 166.00 | NOTE | |
r-oldrel-macos-arm64 | 0.1 | 68.00 | NOTE | |||
r-oldrel-macos-x86_64 | 0.1 | 111.00 | NOTE | |||
r-oldrel-windows-x86_64 | 0.1 | 69.00 | 121.00 | 190.00 | NOTE |
Version: 0.1
Check: C++ specification
Result: NOTE
Specified C++11: please drop specification unless essential
Flavors: r-devel-linux-x86_64-debian-clang, r-devel-linux-x86_64-debian-gcc, r-devel-linux-x86_64-fedora-clang, r-devel-linux-x86_64-fedora-gcc, r-devel-windows-x86_64, r-patched-linux-x86_64, r-release-linux-x86_64, r-release-macos-arm64, r-release-macos-x86_64, r-release-windows-x86_64, r-oldrel-macos-arm64, r-oldrel-macos-x86_64, r-oldrel-windows-x86_64
Version: 0.1
Check: dependencies in R code
Result: NOTE
Namespaces in Imports field not imported from:
‘glmnet’ ‘rrpack’
All declared Imports should be used.
Flavors: r-devel-linux-x86_64-fedora-clang, r-devel-linux-x86_64-fedora-gcc
Version: 0.1
Check: installed package size
Result: NOTE
installed size is 6.8Mb
sub-directories of 1Mb or more:
libs 6.4Mb
Flavors: r-release-macos-arm64, r-release-macos-x86_64, r-oldrel-macos-arm64, r-oldrel-macos-x86_64