Last updated on 2024-07-01 03:49:09 CEST.
Flavor | Version | Tinstall | Tcheck | Ttotal | Status | Flags |
---|---|---|---|---|---|---|
r-devel-linux-x86_64-debian-clang | 0.3.0 | 146.47 | 39.23 | 185.70 | OK | |
r-devel-linux-x86_64-debian-gcc | 0.3.0 | 120.06 | 29.05 | 149.11 | OK | |
r-devel-linux-x86_64-fedora-clang | 0.3.0 | 258.18 | OK | |||
r-devel-linux-x86_64-fedora-gcc | 0.3.0 | 324.15 | OK | |||
r-devel-windows-x86_64 | 0.3.0 | 158.00 | 84.00 | 242.00 | OK | |
r-patched-linux-x86_64 | 0.3.0 | 143.40 | 37.43 | 180.83 | OK | |
r-release-linux-x86_64 | 0.3.0 | 142.71 | 36.38 | 179.09 | OK | |
r-release-macos-arm64 | 0.3.0 | 93.00 | NOTE | |||
r-release-macos-x86_64 | 0.3.0 | 93.00 | NOTE | |||
r-release-windows-x86_64 | 0.3.0 | 157.00 | 85.00 | 242.00 | OK | |
r-oldrel-macos-arm64 | 0.3.0 | 93.00 | NOTE | |||
r-oldrel-macos-x86_64 | 0.3.0 | 96.00 | NOTE | |||
r-oldrel-windows-x86_64 | 0.3.0 | 156.00 | 93.00 | 249.00 | OK |
Version: 0.3.0
Check: installed package size
Result: NOTE
installed size is 16.3Mb
sub-directories of 1Mb or more:
libs 16.1Mb
Flavors: r-release-macos-arm64, r-release-macos-x86_64, r-oldrel-macos-arm64, r-oldrel-macos-x86_64