Last updated on 2024-07-01 03:49:09 CEST.
Flavor | Version | Tinstall | Tcheck | Ttotal | Status | Flags |
---|---|---|---|---|---|---|
r-devel-linux-x86_64-debian-clang | 0.1.3 | 1243.98 | 50.96 | 1294.94 | OK | |
r-devel-linux-x86_64-debian-gcc | 0.1.3 | 785.59 | 39.10 | 824.69 | OK | |
r-devel-linux-x86_64-fedora-clang | 0.1.3 | 2029.20 | NOTE | |||
r-devel-linux-x86_64-fedora-gcc | 0.1.3 | 1998.30 | NOTE | |||
r-devel-windows-x86_64 | 0.1.3 | 852.00 | 89.00 | 941.00 | NOTE | |
r-patched-linux-x86_64 | 0.1.3 | 999.25 | 48.65 | 1047.90 | OK | |
r-release-linux-x86_64 | 0.1.3 | 960.96 | 48.85 | 1009.81 | OK | |
r-release-macos-arm64 | 0.1.3 | 260.00 | NOTE | |||
r-release-macos-x86_64 | 0.1.3 | 231.00 | NOTE | |||
r-release-windows-x86_64 | 0.1.3 | 853.00 | 88.00 | 941.00 | NOTE | |
r-oldrel-macos-arm64 | 0.1.3 | 342.00 | NOTE | |||
r-oldrel-macos-x86_64 | 0.1.3 | 251.00 | NOTE | |||
r-oldrel-windows-x86_64 | 0.1.3 | 789.00 | 100.00 | 889.00 | NOTE |
Version: 0.1.3
Check: installed package size
Result: NOTE
installed size is 5.1Mb
sub-directories of 1Mb or more:
data 1.9Mb
libs 1.9Mb
models 1.1Mb
Flavors: r-devel-linux-x86_64-fedora-clang, r-devel-windows-x86_64, r-release-macos-arm64, r-release-macos-x86_64, r-release-windows-x86_64, r-oldrel-macos-arm64, r-oldrel-macos-x86_64, r-oldrel-windows-x86_64
Version: 0.1.3
Check: data for non-ASCII characters
Result: NOTE
Note: found 47936 marked UTF-8 strings
Flavors: r-devel-linux-x86_64-fedora-clang, r-devel-linux-x86_64-fedora-gcc