Last updated on 2024-07-01 03:49:09 CEST.
Flavor | Version | Tinstall | Tcheck | Ttotal | Status | Flags |
---|---|---|---|---|---|---|
r-devel-linux-x86_64-debian-clang | 1.4.0 | 17.39 | 90.18 | 107.57 | NOTE | |
r-devel-linux-x86_64-debian-gcc | 1.4.0 | 16.83 | 61.93 | 78.76 | NOTE | |
r-devel-linux-x86_64-fedora-clang | 1.4.0 | 136.14 | NOTE | |||
r-devel-linux-x86_64-fedora-gcc | 1.4.0 | 138.22 | NOTE | |||
r-devel-windows-x86_64 | 1.4.0 | 16.00 | 82.00 | 98.00 | NOTE | |
r-patched-linux-x86_64 | 1.4.0 | 17.33 | 81.88 | 99.21 | NOTE | |
r-release-linux-x86_64 | 1.4.0 | 23.02 | 85.93 | 108.95 | NOTE | |
r-release-macos-arm64 | 1.4.0 | 39.00 | NOTE | |||
r-release-macos-x86_64 | 1.4.0 | 62.00 | NOTE | |||
r-release-windows-x86_64 | 1.4.0 | 15.00 | 81.00 | 96.00 | NOTE | |
r-oldrel-macos-arm64 | 1.4.0 | 53.00 | OK | |||
r-oldrel-macos-x86_64 | 1.4.0 | 118.00 | OK | |||
r-oldrel-windows-x86_64 | 1.4.0 | 22.00 | 90.00 | 112.00 | OK |
Version: 1.4.0
Check: Rd files
Result: NOTE
checkRd: (-1) mzipmed_data.Rd:22: Lost braces; missing escapes or markup?
22 | @source {Simulated to serve as an example}
| ^
Flavors: r-devel-linux-x86_64-debian-clang, r-devel-linux-x86_64-debian-gcc, r-devel-linux-x86_64-fedora-clang, r-devel-linux-x86_64-fedora-gcc, r-devel-windows-x86_64, r-patched-linux-x86_64, r-release-linux-x86_64, r-release-macos-arm64, r-release-macos-x86_64, r-release-windows-x86_64